{"id":28947,"date":"2025-12-09T19:31:22","date_gmt":"2025-12-09T22:31:22","guid":{"rendered":"https:\/\/draelegancia.com.br\/shop\/?post_type=product&#038;p=28947"},"modified":"2026-04-23T11:07:31","modified_gmt":"2026-04-23T14:07:31","slug":"scrub-genova-liso-cor-cinza","status":"publish","type":"product","link":"https:\/\/draelegancia.com.br\/shop\/produto\/scrub-genova-liso-cor-cinza\/","title":{"rendered":"Scrub Genova Liso Cor Cinza"},"content":{"rendered":"<p>\u200bEste conjunto de uniforme \u00e9 a defini\u00e7\u00e3o de eleg\u00e2ncia funcional. Desenvolvido para profissionais que n\u00e3o abrem m\u00e3o de uma imagem sofisticada, ele combina o conforto essencial para longas jornadas de trabalho com um design de alta costura. A cor cinza claro, oferece uma base neutra e moderna que se destaca pela sua versatilidade e discri\u00e7\u00e3o. Este produto \u00e9 de fabrica\u00e7\u00e3o pr\u00f3pria, garantindo exclusividade e controle de qualidade superior.<br \/>\n\u200bA blusa apresenta um design com um decote em V trespassado que alonga a silhueta de forma elegante. O diferencial est\u00e1 nas mangas curtas estilo &#8220;tulipa&#8221;, que adicionam um toque feminino e moderno, fugindo do tradicional. O corte da blusa \u00e9 levemente cinturado, alcan\u00e7ado por costuras verticais e detalhes de ajuste que garantem um caimento impec\u00e1vel. Possui bolsos discretos integrados nas laterais, garantindo praticidade sem comprometer o visual polido.<br \/>\n\u200bA cal\u00e7a foi pensada para o m\u00e1ximo de conforto sem perder a formalidade. Apresenta um corte reto e ajustado, com uma apar\u00eancia de alfaiataria. O c\u00f3s \u00e9 totalmente funcional, sendo el\u00e1stico e ajust\u00e1vel por um cord\u00e3o para um caimento perfeito e confort\u00e1vel. A cal\u00e7a inclui bolsos laterais frontais do tipo faca e um bolso traseiro discreto.<br \/>\n\u200bConfeccionado com um tecido de alta performance que une durabilidade e flexibilidade. A composi\u00e7\u00e3o \u00e9 de 95% Poli\u00e9ster e 5% Elastano.<\/p>\n<p>OBS: O logo \u00e9 retir\u00e1vel!<\/p>\n","protected":false},"excerpt":{"rendered":"<p>\u200bEste conjunto de uniforme \u00e9 a defini\u00e7\u00e3o de eleg\u00e2ncia funcional. Desenvolvido para profissionais que n\u00e3o abrem m\u00e3o de uma imagem sofisticada, ele combina o conforto essencial para longas jornadas de trabalho com um design de alta costura. A cor cinza claro, oferece uma base neutra e moderna que se destaca pela sua versatilidade e discri\u00e7\u00e3o. [&#8230;]\n","protected":false},"featured_media":28948,"comment_status":"open","ping_status":"closed","template":"","meta":{"_joinchat":[]},"product_brand":[],"product_cat":[15],"product_tag":[],"class_list":{"0":"post-28947","1":"product","2":"type-product","3":"status-publish","4":"has-post-thumbnail","6":"product_cat-sem-categoria","7":"pa_tamanho-egxgg","8":"pa_tamanho-g","9":"pa_tamanho-gg","10":"pa_tamanho-m","11":"pa_tamanho-p","12":"pa_tamanho-pp","14":"first","15":"instock","16":"taxable","17":"shipping-taxable","18":"purchasable","19":"product-type-variable"},"aioseo_notices":[],"_links":{"self":[{"href":"https:\/\/draelegancia.com.br\/shop\/wp-json\/wp\/v2\/product\/28947","targetHints":{"allow":["GET"]}}],"collection":[{"href":"https:\/\/draelegancia.com.br\/shop\/wp-json\/wp\/v2\/product"}],"about":[{"href":"https:\/\/draelegancia.com.br\/shop\/wp-json\/wp\/v2\/types\/product"}],"replies":[{"embeddable":true,"href":"https:\/\/draelegancia.com.br\/shop\/wp-json\/wp\/v2\/comments?post=28947"}],"version-history":[{"count":3,"href":"https:\/\/draelegancia.com.br\/shop\/wp-json\/wp\/v2\/product\/28947\/revisions"}],"predecessor-version":[{"id":29145,"href":"https:\/\/draelegancia.com.br\/shop\/wp-json\/wp\/v2\/product\/28947\/revisions\/29145"}],"wp:featuredmedia":[{"embeddable":true,"href":"https:\/\/draelegancia.com.br\/shop\/wp-json\/wp\/v2\/media\/28948"}],"wp:attachment":[{"href":"https:\/\/draelegancia.com.br\/shop\/wp-json\/wp\/v2\/media?parent=28947"}],"wp:term":[{"taxonomy":"product_brand","embeddable":true,"href":"https:\/\/draelegancia.com.br\/shop\/wp-json\/wp\/v2\/product_brand?post=28947"},{"taxonomy":"product_cat","embeddable":true,"href":"https:\/\/draelegancia.com.br\/shop\/wp-json\/wp\/v2\/product_cat?post=28947"},{"taxonomy":"product_tag","embeddable":true,"href":"https:\/\/draelegancia.com.br\/shop\/wp-json\/wp\/v2\/product_tag?post=28947"}],"curies":[{"name":"wp","href":"https:\/\/api.w.org\/{rel}","templated":true}]}}

<p>​Este conjunto de uniforme é a definição de elegância funcional. Desenvolvido para profissionais que não abrem mão de uma imagem sofisticada, ele combina o conforto essencial para longas jornadas de trabalho com um design de alta costura. A cor cinza claro, oferece uma base neutra e moderna que se destaca pela sua versatilidade e discrição. Este produto é de fabricação própria, garantindo exclusividade e controle de qualidade superior.<br />
​A blusa apresenta um design com um decote em V trespassado que alonga a silhueta de forma elegante. O diferencial está nas mangas curtas estilo &#8220;tulipa&#8221;, que adicionam um toque feminino e moderno, fugindo do tradicional. O corte da blusa é levemente cinturado, alcançado por costuras verticais e detalhes de ajuste que garantem um caimento impecável. Possui bolsos discretos integrados nas laterais, garantindo praticidade sem comprometer o visual polido.<br />
​A calça foi pensada para o máximo de conforto sem perder a formalidade. Apresenta um corte reto e ajustado, com uma aparência de alfaiataria. O cós é totalmente funcional, sendo elástico e ajustável por um cordão para um caimento perfeito e confortável. A calça inclui bolsos laterais frontais do tipo faca e um bolso traseiro discreto.<br />
​Confeccionado com um tecido de alta performance que une durabilidade e flexibilidade. A composição é de 95% Poliéster e 5% Elastano.</p>
<p>OBS: O logo é retirável!</p>

<p>​Este conjunto de uniforme é a definição de elegância funcional. Desenvolvido para profissionais que não abrem mão de uma imagem sofisticada, ele combina o conforto essencial para longas jornadas de trabalho com um design de alta costura. A cor cinza claro, oferece uma base neutra e moderna que se destaca pela sua versatilidade e discrição. [&#8230;]
