{"id":28760,"date":"2025-12-09T15:03:46","date_gmt":"2025-12-09T18:03:46","guid":{"rendered":"https:\/\/draelegancia.com.br\/shop\/?post_type=product&#038;p=28760"},"modified":"2026-04-23T11:14:44","modified_gmt":"2026-04-23T14:14:44","slug":"jaleco-feminino-barcelona-cor-azul-marinho","status":"publish","type":"product","link":"https:\/\/draelegancia.com.br\/shop\/produto\/jaleco-feminino-barcelona-cor-azul-marinho\/","title":{"rendered":"Jaleco Feminino Barcelona Cor Azul Marinho"},"content":{"rendered":"<p>Apresentamos o nosso Jaleco Feminino Barcelona na cor Azul Marinho, a pe\u00e7a ideal para profissionais que buscam unir imagem impec\u00e1vel e bem-estar durante a jornada de trabalho.<br \/>\nO jaleco \u00e9 de fabrica\u00e7\u00e3o pr\u00f3pria, garantindo um design exclusivo, alta qualidade de acabamento e aten\u00e7\u00e3o aos detalhes. Ele apresenta uma gola cl\u00e1ssica de blazer e abotoamento frontal. Na parte traseira, o cinto fixo adiciona um detalhe refinado que ajuda a manter a forma acinturada.<br \/>\nO conforto \u00e9 proporcionado pela malha de alta performance e sua composi\u00e7\u00e3o cuidadosamente equilibrada: 95% Poli\u00e9ster e 5% Elastano. Esta combina\u00e7\u00e3o garante que o jaleco seja flex\u00edvel, adaptando-se aos seus movimentos, al\u00e9m de oferecer durabilidade e resist\u00eancia a amassados, facilitando a rotina de cuidados.<\/p>\n<p>OBS: O logo \u00e9 retir\u00e1vel!<\/p>\n<p><strong>OBS: Temos a op\u00e7\u00e3o de colocar punho nesse jaleco, e temos tamb\u00e9m a op\u00e7\u00e3o desse jaleco com manga curta. Caso queira uma das op\u00e7\u00f5es informar em notas do pedido, ou nos informar pelo whatsapp depois de realizar a compra.<\/strong><\/p>\n<p><strong>IMPORTANTE: CASO ESCOLHA UMA DAS OP\u00c7\u00d5ES N\u00c3O ACEITAMOS TROCA E DEVOLU\u00c7\u00c3O!<\/strong><\/p>\n<p>&nbsp;<\/p>\n","protected":false},"excerpt":{"rendered":"<p>Apresentamos o nosso Jaleco Feminino Barcelona na cor Azul Marinho, a pe\u00e7a ideal para profissionais que buscam unir imagem impec\u00e1vel e bem-estar durante a jornada de trabalho. O jaleco \u00e9 de fabrica\u00e7\u00e3o pr\u00f3pria, garantindo um design exclusivo, alta qualidade de acabamento e aten\u00e7\u00e3o aos detalhes. Ele apresenta uma gola cl\u00e1ssica de blazer e abotoamento frontal. [&#8230;]\n","protected":false},"featured_media":28753,"comment_status":"open","ping_status":"closed","template":"","meta":{"_joinchat":[]},"product_brand":[],"product_cat":[15],"product_tag":[],"class_list":{"0":"post-28760","1":"product","2":"type-product","3":"status-publish","4":"has-post-thumbnail","6":"product_cat-sem-categoria","7":"pa_tamanho-egxgg","8":"pa_tamanho-g","9":"pa_tamanho-gg","10":"pa_tamanho-m","11":"pa_tamanho-p","12":"pa_tamanho-pp","14":"first","15":"instock","16":"taxable","17":"shipping-taxable","18":"purchasable","19":"product-type-variable"},"aioseo_notices":[],"_links":{"self":[{"href":"https:\/\/draelegancia.com.br\/shop\/wp-json\/wp\/v2\/product\/28760","targetHints":{"allow":["GET"]}}],"collection":[{"href":"https:\/\/draelegancia.com.br\/shop\/wp-json\/wp\/v2\/product"}],"about":[{"href":"https:\/\/draelegancia.com.br\/shop\/wp-json\/wp\/v2\/types\/product"}],"replies":[{"embeddable":true,"href":"https:\/\/draelegancia.com.br\/shop\/wp-json\/wp\/v2\/comments?post=28760"}],"version-history":[{"count":3,"href":"https:\/\/draelegancia.com.br\/shop\/wp-json\/wp\/v2\/product\/28760\/revisions"}],"predecessor-version":[{"id":29200,"href":"https:\/\/draelegancia.com.br\/shop\/wp-json\/wp\/v2\/product\/28760\/revisions\/29200"}],"wp:featuredmedia":[{"embeddable":true,"href":"https:\/\/draelegancia.com.br\/shop\/wp-json\/wp\/v2\/media\/28753"}],"wp:attachment":[{"href":"https:\/\/draelegancia.com.br\/shop\/wp-json\/wp\/v2\/media?parent=28760"}],"wp:term":[{"taxonomy":"product_brand","embeddable":true,"href":"https:\/\/draelegancia.com.br\/shop\/wp-json\/wp\/v2\/product_brand?post=28760"},{"taxonomy":"product_cat","embeddable":true,"href":"https:\/\/draelegancia.com.br\/shop\/wp-json\/wp\/v2\/product_cat?post=28760"},{"taxonomy":"product_tag","embeddable":true,"href":"https:\/\/draelegancia.com.br\/shop\/wp-json\/wp\/v2\/product_tag?post=28760"}],"curies":[{"name":"wp","href":"https:\/\/api.w.org\/{rel}","templated":true}]}}

<p>Apresentamos o nosso Jaleco Feminino Barcelona na cor Azul Marinho, a peça ideal para profissionais que buscam unir imagem impecável e bem-estar durante a jornada de trabalho.<br />
O jaleco é de fabricação própria, garantindo um design exclusivo, alta qualidade de acabamento e atenção aos detalhes. Ele apresenta uma gola clássica de blazer e abotoamento frontal. Na parte traseira, o cinto fixo adiciona um detalhe refinado que ajuda a manter a forma acinturada.<br />
O conforto é proporcionado pela malha de alta performance e sua composição cuidadosamente equilibrada: 95% Poliéster e 5% Elastano. Esta combinação garante que o jaleco seja flexível, adaptando-se aos seus movimentos, além de oferecer durabilidade e resistência a amassados, facilitando a rotina de cuidados.</p>
<p>OBS: O logo é retirável!</p>
<p><strong>OBS: Temos a opção de colocar punho nesse jaleco, e temos também a opção desse jaleco com manga curta. Caso queira uma das opções informar em notas do pedido, ou nos informar pelo whatsapp depois de realizar a compra.</strong></p>
<p><strong>IMPORTANTE: CASO ESCOLHA UMA DAS OPÇÕES NÃO ACEITAMOS TROCA E DEVOLUÇÃO!</strong></p>
<p>&nbsp;</p>

<p>Apresentamos o nosso Jaleco Feminino Barcelona na cor Azul Marinho, a peça ideal para profissionais que buscam unir imagem impecável e bem-estar durante a jornada de trabalho. O jaleco é de fabricação própria, garantindo um design exclusivo, alta qualidade de acabamento e atenção aos detalhes. Ele apresenta uma gola clássica de blazer e abotoamento frontal. [&#8230;]
