{"id":28737,"date":"2025-12-09T14:41:50","date_gmt":"2025-12-09T17:41:50","guid":{"rendered":"https:\/\/draelegancia.com.br\/shop\/?post_type=product&#038;p=28737"},"modified":"2026-05-02T20:50:44","modified_gmt":"2026-05-02T23:50:44","slug":"scrub-ultra-span-3-pocket-cor-azul-petroleo","status":"publish","type":"product","link":"https:\/\/draelegancia.com.br\/shop\/produto\/scrub-ultra-span-3-pocket-cor-azul-petroleo\/","title":{"rendered":"Scrub Ultra Span 3 Pocket Cor Azul Petr\u00f3leo"},"content":{"rendered":"<p>O Scrub Ultra Span 3 Pocket \u00e9 confeccionado em um tecido composto por 95% poli\u00e9ster e 5% elastano, garantindo muito conforto e leveza no seu dia a dia.<\/p>\n<p>Na parte de cima, ele possui um bolso no lado direito e dois bolsos no lado esquerdo, perfeitos para carregar itens como caneta ou pequenos objetos que voc\u00ea usa com frequ\u00eancia.<\/p>\n<p>A cal\u00e7a conta com um bolso de cada lado, al\u00e9m de c\u00f3s com bot\u00e3o e z\u00edper na parte frontal, oferecendo mais seguran\u00e7a e praticidade. Na parte traseira, possui el\u00e1stico na cintura, permitindo melhor ajuste e regulagem.<\/p>\n<p>\u00c9 um scrub muito pr\u00e1tico, de f\u00e1cil lavagem e com longa durabilidade.<br \/>\nE o melhor, \u00e9 de fabrica\u00e7\u00e3o pr\u00f3pria, garantindo qualidade e cuidado em cada detalhe da pe\u00e7a.<\/p>\n<p>OBS: O logo \u00e9 retir\u00e1vel!<\/p>\n","protected":false},"excerpt":{"rendered":"<p>O Scrub Ultra Span 3 Pocket \u00e9 confeccionado em um tecido composto por 95% poli\u00e9ster e 5% elastano, garantindo muito conforto e leveza no seu dia a dia. Na parte de cima, ele possui um bolso no lado direito e dois bolsos no lado esquerdo, perfeitos para carregar itens como caneta ou pequenos objetos que [&#8230;]\n","protected":false},"featured_media":28736,"comment_status":"open","ping_status":"closed","template":"","meta":{"_joinchat":[]},"product_brand":[],"product_cat":[15],"product_tag":[],"class_list":{"0":"post-28737","1":"product","2":"type-product","3":"status-publish","4":"has-post-thumbnail","6":"product_cat-sem-categoria","7":"pa_tamanho-egxgg","8":"pa_tamanho-g","9":"pa_tamanho-gg","10":"pa_tamanho-m","11":"pa_tamanho-p","12":"pa_tamanho-pp","14":"first","15":"instock","16":"taxable","17":"shipping-taxable","18":"purchasable","19":"product-type-variable"},"aioseo_notices":[],"_links":{"self":[{"href":"https:\/\/draelegancia.com.br\/shop\/wp-json\/wp\/v2\/product\/28737","targetHints":{"allow":["GET"]}}],"collection":[{"href":"https:\/\/draelegancia.com.br\/shop\/wp-json\/wp\/v2\/product"}],"about":[{"href":"https:\/\/draelegancia.com.br\/shop\/wp-json\/wp\/v2\/types\/product"}],"replies":[{"embeddable":true,"href":"https:\/\/draelegancia.com.br\/shop\/wp-json\/wp\/v2\/comments?post=28737"}],"version-history":[{"count":1,"href":"https:\/\/draelegancia.com.br\/shop\/wp-json\/wp\/v2\/product\/28737\/revisions"}],"predecessor-version":[{"id":28752,"href":"https:\/\/draelegancia.com.br\/shop\/wp-json\/wp\/v2\/product\/28737\/revisions\/28752"}],"wp:featuredmedia":[{"embeddable":true,"href":"https:\/\/draelegancia.com.br\/shop\/wp-json\/wp\/v2\/media\/28736"}],"wp:attachment":[{"href":"https:\/\/draelegancia.com.br\/shop\/wp-json\/wp\/v2\/media?parent=28737"}],"wp:term":[{"taxonomy":"product_brand","embeddable":true,"href":"https:\/\/draelegancia.com.br\/shop\/wp-json\/wp\/v2\/product_brand?post=28737"},{"taxonomy":"product_cat","embeddable":true,"href":"https:\/\/draelegancia.com.br\/shop\/wp-json\/wp\/v2\/product_cat?post=28737"},{"taxonomy":"product_tag","embeddable":true,"href":"https:\/\/draelegancia.com.br\/shop\/wp-json\/wp\/v2\/product_tag?post=28737"}],"curies":[{"name":"wp","href":"https:\/\/api.w.org\/{rel}","templated":true}]}}