{"id":28709,"date":"2025-12-09T13:58:38","date_gmt":"2025-12-09T16:58:38","guid":{"rendered":"https:\/\/draelegancia.com.br\/shop\/?post_type=product&#038;p=28709"},"modified":"2026-04-23T11:16:47","modified_gmt":"2026-04-23T14:16:47","slug":"jaleco-elastic-genova-cor-cinza","status":"publish","type":"product","link":"https:\/\/draelegancia.com.br\/shop\/produto\/jaleco-elastic-genova-cor-cinza\/","title":{"rendered":"Jaleco Elastic Genova Cor Cinza"},"content":{"rendered":"<p>O Jaleco Elastic \u00e9 confeccionado em um tecido composto por 95% poli\u00e9ster e 5% elastano, oferecendo muito conforto e leveza durante o uso. Al\u00e9m disso, \u00e9 muito pr\u00e1tico para lavar e possui uma longa durabilidade.<\/p>\n<p>Trata-se de um jaleco moderno, com gola padre e bot\u00f5es frontais, que facilitam bastante o dia a dia. O Jaleco Elastic tamb\u00e9m conta com um detalhe no punho com bot\u00e3o regul\u00e1vel, permitindo ajustar conforme a necessidade para ficar ainda mais confort\u00e1vel.<\/p>\n<p>Esse jaleco \u00e9 perfeito para quem busca estilo e conforto ao mesmo tempo, e o melhor, \u00e9 de fabrica\u00e7\u00e3o pr\u00f3pria, garantindo qualidade e cuidado em cada pe\u00e7a.<\/p>\n<p>OBS: O logo \u00e9 retir\u00e1vel!<\/p>\n<p><strong>OBS: Temos a op\u00e7\u00e3o de colocar punho nesse jaleco, e temos tamb\u00e9m a op\u00e7\u00e3o desse jaleco com manga curta. Caso queira uma das op\u00e7\u00f5es informar em notas do pedido, ou nos informar pelo whatsapp depois de realizar a compra.<\/strong><\/p>\n<p><strong>IMPORTANTE: CASO ESCOLHA UMA DAS OP\u00c7\u00d5ES N\u00c3O ACEITAMOS TROCA E DEVOLU\u00c7\u00c3O!<\/strong><\/p>\n","protected":false},"excerpt":{"rendered":"<p>O Jaleco Elastic \u00e9 confeccionado em um tecido composto por 95% poli\u00e9ster e 5% elastano, oferecendo muito conforto e leveza durante o uso. Al\u00e9m disso, \u00e9 muito pr\u00e1tico para lavar e possui uma longa durabilidade. Trata-se de um jaleco moderno, com gola padre e bot\u00f5es frontais, que facilitam bastante o dia a dia. O Jaleco [&#8230;]\n","protected":false},"featured_media":28946,"comment_status":"open","ping_status":"closed","template":"","meta":{"_joinchat":[]},"product_brand":[],"product_cat":[15],"product_tag":[],"class_list":{"0":"post-28709","1":"product","2":"type-product","3":"status-publish","4":"has-post-thumbnail","6":"product_cat-sem-categoria","7":"pa_tamanho-egxgg","8":"pa_tamanho-g","9":"pa_tamanho-gg","10":"pa_tamanho-m","11":"pa_tamanho-p","12":"pa_tamanho-pp","14":"first","15":"instock","16":"taxable","17":"shipping-taxable","18":"purchasable","19":"product-type-variable"},"aioseo_notices":[],"_links":{"self":[{"href":"https:\/\/draelegancia.com.br\/shop\/wp-json\/wp\/v2\/product\/28709","targetHints":{"allow":["GET"]}}],"collection":[{"href":"https:\/\/draelegancia.com.br\/shop\/wp-json\/wp\/v2\/product"}],"about":[{"href":"https:\/\/draelegancia.com.br\/shop\/wp-json\/wp\/v2\/types\/product"}],"replies":[{"embeddable":true,"href":"https:\/\/draelegancia.com.br\/shop\/wp-json\/wp\/v2\/comments?post=28709"}],"version-history":[{"count":4,"href":"https:\/\/draelegancia.com.br\/shop\/wp-json\/wp\/v2\/product\/28709\/revisions"}],"predecessor-version":[{"id":28726,"href":"https:\/\/draelegancia.com.br\/shop\/wp-json\/wp\/v2\/product\/28709\/revisions\/28726"}],"wp:featuredmedia":[{"embeddable":true,"href":"https:\/\/draelegancia.com.br\/shop\/wp-json\/wp\/v2\/media\/28946"}],"wp:attachment":[{"href":"https:\/\/draelegancia.com.br\/shop\/wp-json\/wp\/v2\/media?parent=28709"}],"wp:term":[{"taxonomy":"product_brand","embeddable":true,"href":"https:\/\/draelegancia.com.br\/shop\/wp-json\/wp\/v2\/product_brand?post=28709"},{"taxonomy":"product_cat","embeddable":true,"href":"https:\/\/draelegancia.com.br\/shop\/wp-json\/wp\/v2\/product_cat?post=28709"},{"taxonomy":"product_tag","embeddable":true,"href":"https:\/\/draelegancia.com.br\/shop\/wp-json\/wp\/v2\/product_tag?post=28709"}],"curies":[{"name":"wp","href":"https:\/\/api.w.org\/{rel}","templated":true}]}}

<p>O Jaleco Elastic é confeccionado em um tecido composto por 95% poliéster e 5% elastano, oferecendo muito conforto e leveza durante o uso. Além disso, é muito prático para lavar e possui uma longa durabilidade.</p>
<p>Trata-se de um jaleco moderno, com gola padre e botões frontais, que facilitam bastante o dia a dia. O Jaleco Elastic também conta com um detalhe no punho com botão regulável, permitindo ajustar conforme a necessidade para ficar ainda mais confortável.</p>
<p>Esse jaleco é perfeito para quem busca estilo e conforto ao mesmo tempo, e o melhor, é de fabricação própria, garantindo qualidade e cuidado em cada peça.</p>
<p>OBS: O logo é retirável!</p>
<p><strong>OBS: Temos a opção de colocar punho nesse jaleco, e temos também a opção desse jaleco com manga curta. Caso queira uma das opções informar em notas do pedido, ou nos informar pelo whatsapp depois de realizar a compra.</strong></p>
<p><strong>IMPORTANTE: CASO ESCOLHA UMA DAS OPÇÕES NÃO ACEITAMOS TROCA E DEVOLUÇÃO!</strong></p>

<p>O Jaleco Elastic é confeccionado em um tecido composto por 95% poliéster e 5% elastano, oferecendo muito conforto e leveza durante o uso. Além disso, é muito prático para lavar e possui uma longa durabilidade. Trata-se de um jaleco moderno, com gola padre e botões frontais, que facilitam bastante o dia a dia. O Jaleco [&#8230;]
