{"id":27560,"date":"2025-05-26T08:44:09","date_gmt":"2025-05-26T11:44:09","guid":{"rendered":"https:\/\/draelegancia.com.br\/shop\/?post_type=product&#038;p=27560"},"modified":"2026-04-15T16:35:26","modified_gmt":"2026-04-15T19:35:26","slug":"jaleco-elastic-elegante-cor-creme","status":"publish","type":"product","link":"https:\/\/draelegancia.com.br\/shop\/produto\/jaleco-elastic-elegante-cor-creme\/","title":{"rendered":"Jaleco Elastic Elegante cor creme"},"content":{"rendered":"<p class=\"\" data-start=\"259\" data-end=\"596\">Este jaleco foi pensado para mulheres que valorizam estilo, conforto e profissionalismo no dia a dia. Confeccionado em tecido de alt\u00edssima qualidade, com composi\u00e7\u00e3o de 95% poli\u00e9ster e 5% elastano, ele proporciona um caimento impec\u00e1vel, toque suave e excelente mobilidade, acompanhando todos os seus movimentos com leveza e eleg\u00e2ncia.<\/p>\n<p class=\"\" data-start=\"598\" data-end=\"883\">O modelo apresenta uma gola tradicional, que mant\u00e9m a sobriedade e o visual cl\u00e1ssico indispens\u00e1vel no ambiente profissional. O fechamento frontal com bot\u00f5es forrados refor\u00e7a o cuidado nos acabamentos e confere um visual sofisticado e harm\u00f4nico \u00e0 pe\u00e7a, sem perder a praticidade.<\/p>\n<p class=\"\" data-start=\"885\" data-end=\"1284\">As mangas bufantes s\u00e3o o grande destaque do design, trazendo um toque de feminilidade, personalidade e modernidade ao look. Elas proporcionam volume de forma equilibrada e elegante, enriquecendo a pe\u00e7a com charme e estilo. Os punhos largos em el\u00e1stico creponado completam o visual com um acabamento delicado e funcional, garantindo melhor ajuste ao bra\u00e7o e conforto durante o uso prolongado.<\/p>\n<p class=\"\" data-start=\"1286\" data-end=\"1586\">Este jaleco \u00e9 ideal para profissionais da \u00e1rea da sa\u00fade, est\u00e9tica, odontologia ou qualquer ambiente que exija vestu\u00e1rio t\u00e9cnico com identidade visual marcante. Seu design vers\u00e1til permite que ele seja usado tanto no trabalho quanto em eventos profissionais, transmitindo credibilidade e sofistica\u00e7\u00e3o.<\/p>\n<p class=\"\" data-start=\"1588\" data-end=\"1724\">Seja para uso di\u00e1rio ou ocasi\u00f5es especiais, este jaleco \u00e9 a escolha perfeita para quem deseja se destacar com eleg\u00e2ncia e autenticidade.<\/p>\n<p>OBS: O logo \u00e9 retir\u00e1vel!<\/p>\n<p><strong>O bot\u00e3o da roupa pode ser diferente do bot\u00e3o da foto, devido a disponibilidade.<\/strong><\/p>\n<p><strong>OBS: Temos a op\u00e7\u00e3o desse jaleco com manga curta. Caso queira com manga curta informar em notas do pedido, ou nos informar pelo whatsapp depois de realizar a compra.<\/strong><\/p>\n<p><strong>IMPORTANTE: CASO ESCOLHA A OP\u00c7\u00c3O COM MANGA CURTA N\u00c3O ACEITAMOS TROCA E DEVOLU\u00c7\u00c3O!<\/strong><\/p>\n","protected":false},"excerpt":{"rendered":"<p>Este jaleco foi pensado para mulheres que valorizam estilo, conforto e profissionalismo no dia a dia. Confeccionado em tecido de alt\u00edssima qualidade, com composi\u00e7\u00e3o de 95% poli\u00e9ster e 5% elastano, ele proporciona um caimento impec\u00e1vel, toque suave e excelente mobilidade, acompanhando todos os seus movimentos com leveza e eleg\u00e2ncia. O modelo apresenta uma gola tradicional, [&#8230;]\n","protected":false},"featured_media":27602,"comment_status":"open","ping_status":"closed","template":"","meta":{"_joinchat":[]},"product_brand":[],"product_cat":[86,89],"product_tag":[],"class_list":{"0":"post-27560","1":"product","2":"type-product","3":"status-publish","4":"has-post-thumbnail","6":"product_cat-feminino","7":"product_cat-jalecos","8":"pa_tamanho-egxgg","9":"pa_tamanho-g","10":"pa_tamanho-gg","11":"pa_tamanho-m","12":"pa_tamanho-p","13":"pa_tamanho-pp","15":"first","16":"instock","17":"taxable","18":"shipping-taxable","19":"purchasable","20":"product-type-variable"},"aioseo_notices":[],"_links":{"self":[{"href":"https:\/\/draelegancia.com.br\/shop\/wp-json\/wp\/v2\/product\/27560","targetHints":{"allow":["GET"]}}],"collection":[{"href":"https:\/\/draelegancia.com.br\/shop\/wp-json\/wp\/v2\/product"}],"about":[{"href":"https:\/\/draelegancia.com.br\/shop\/wp-json\/wp\/v2\/types\/product"}],"replies":[{"embeddable":true,"href":"https:\/\/draelegancia.com.br\/shop\/wp-json\/wp\/v2\/comments?post=27560"}],"version-history":[{"count":2,"href":"https:\/\/draelegancia.com.br\/shop\/wp-json\/wp\/v2\/product\/27560\/revisions"}],"predecessor-version":[{"id":29148,"href":"https:\/\/draelegancia.com.br\/shop\/wp-json\/wp\/v2\/product\/27560\/revisions\/29148"}],"wp:featuredmedia":[{"embeddable":true,"href":"https:\/\/draelegancia.com.br\/shop\/wp-json\/wp\/v2\/media\/27602"}],"wp:attachment":[{"href":"https:\/\/draelegancia.com.br\/shop\/wp-json\/wp\/v2\/media?parent=27560"}],"wp:term":[{"taxonomy":"product_brand","embeddable":true,"href":"https:\/\/draelegancia.com.br\/shop\/wp-json\/wp\/v2\/product_brand?post=27560"},{"taxonomy":"product_cat","embeddable":true,"href":"https:\/\/draelegancia.com.br\/shop\/wp-json\/wp\/v2\/product_cat?post=27560"},{"taxonomy":"product_tag","embeddable":true,"href":"https:\/\/draelegancia.com.br\/shop\/wp-json\/wp\/v2\/product_tag?post=27560"}],"curies":[{"name":"wp","href":"https:\/\/api.w.org\/{rel}","templated":true}]}}

<p class="" data-start="259" data-end="596">Este jaleco foi pensado para mulheres que valorizam estilo, conforto e profissionalismo no dia a dia. Confeccionado em tecido de altíssima qualidade, com composição de 95% poliéster e 5% elastano, ele proporciona um caimento impecável, toque suave e excelente mobilidade, acompanhando todos os seus movimentos com leveza e elegância.</p>
<p class="" data-start="598" data-end="883">O modelo apresenta uma gola tradicional, que mantém a sobriedade e o visual clássico indispensável no ambiente profissional. O fechamento frontal com botões forrados reforça o cuidado nos acabamentos e confere um visual sofisticado e harmônico à peça, sem perder a praticidade.</p>
<p class="" data-start="885" data-end="1284">As mangas bufantes são o grande destaque do design, trazendo um toque de feminilidade, personalidade e modernidade ao look. Elas proporcionam volume de forma equilibrada e elegante, enriquecendo a peça com charme e estilo. Os punhos largos em elástico creponado completam o visual com um acabamento delicado e funcional, garantindo melhor ajuste ao braço e conforto durante o uso prolongado.</p>
<p class="" data-start="1286" data-end="1586">Este jaleco é ideal para profissionais da área da saúde, estética, odontologia ou qualquer ambiente que exija vestuário técnico com identidade visual marcante. Seu design versátil permite que ele seja usado tanto no trabalho quanto em eventos profissionais, transmitindo credibilidade e sofisticação.</p>
<p class="" data-start="1588" data-end="1724">Seja para uso diário ou ocasiões especiais, este jaleco é a escolha perfeita para quem deseja se destacar com elegância e autenticidade.</p>
<p>OBS: O logo é retirável!</p>
<p><strong>O botão da roupa pode ser diferente do botão da foto, devido a disponibilidade.</strong></p>
<p><strong>OBS: Temos a opção desse jaleco com manga curta. Caso queira com manga curta informar em notas do pedido, ou nos informar pelo whatsapp depois de realizar a compra.</strong></p>
<p><strong>IMPORTANTE: CASO ESCOLHA A OPÇÃO COM MANGA CURTA NÃO ACEITAMOS TROCA E DEVOLUÇÃO!</strong></p>

<p>Este jaleco foi pensado para mulheres que valorizam estilo, conforto e profissionalismo no dia a dia. Confeccionado em tecido de altíssima qualidade, com composição de 95% poliéster e 5% elastano, ele proporciona um caimento impecável, toque suave e excelente mobilidade, acompanhando todos os seus movimentos com leveza e elegância. O modelo apresenta uma gola tradicional, [&#8230;]
