{"id":26203,"date":"2024-10-23T15:55:39","date_gmt":"2024-10-23T18:55:39","guid":{"rendered":"https:\/\/draelegancia.com.br\/shop\/?post_type=product&#038;p=26203"},"modified":"2026-04-26T22:05:35","modified_gmt":"2026-04-27T01:05:35","slug":"jaleco-elastic-manga-curta","status":"publish","type":"product","link":"https:\/\/draelegancia.com.br\/shop\/produto\/jaleco-elastic-manga-curta\/","title":{"rendered":"Jaleco Elastic Manga Curta"},"content":{"rendered":"<p>Jaleco elastic manga curta foi confeccionado em tecido com a composi\u00e7\u00e3o de 95% poliester e 5% elastano, proporcionando assim conforto e leveza.<br \/>\nO jaleco elastic manga curta possui gola tradicional, com o fecho em bot\u00f5es, um bolso no peito esquerdo, e na altura do quadril um bolso fundo de cada lado, perfeito para a praticidade que voc\u00ea precisa no seu dia a dia no trabalho.<br \/>\nNas parte de tr\u00e1s tem uma faixa na cintura, que deixa o jaleco acinturado e dando um toque de charme a mais.<\/p>\n<p>\u00c9 um jaleco perfeito para o seu dia a dia no trabalho, proporcionando conforto, praticidade e eleg\u00e2ncia em uma s\u00f3 pe\u00e7a.<\/p>\n<p>OBS: O logo \u00e9 retir\u00e1vel!<\/p>\n<p>&nbsp;<\/p>\n","protected":false},"excerpt":{"rendered":"<p>Jaleco elastic manga curta foi confeccionado em tecido com a composi\u00e7\u00e3o de 95% poliester e 5% elastano, proporcionando assim conforto e leveza. O jaleco elastic manga curta possui gola tradicional, com o fecho em bot\u00f5es, um bolso no peito esquerdo, e na altura do quadril um bolso fundo de cada lado, perfeito para a praticidade [&#8230;]\n","protected":false},"featured_media":26204,"comment_status":"open","ping_status":"closed","template":"","meta":{"_joinchat":[]},"product_brand":[],"product_cat":[86,89],"product_tag":[],"class_list":{"0":"post-26203","1":"product","2":"type-product","3":"status-publish","4":"has-post-thumbnail","6":"product_cat-feminino","7":"product_cat-jalecos","8":"pa_cor-branco","9":"pa_tamanho-egxgg","10":"pa_tamanho-g","11":"pa_tamanho-gg","12":"pa_tamanho-m","13":"pa_tamanho-p","14":"pa_tamanho-pp","16":"first","17":"instock","18":"taxable","19":"shipping-taxable","20":"purchasable","21":"product-type-variable"},"aioseo_notices":[],"_links":{"self":[{"href":"https:\/\/draelegancia.com.br\/shop\/wp-json\/wp\/v2\/product\/26203","targetHints":{"allow":["GET"]}}],"collection":[{"href":"https:\/\/draelegancia.com.br\/shop\/wp-json\/wp\/v2\/product"}],"about":[{"href":"https:\/\/draelegancia.com.br\/shop\/wp-json\/wp\/v2\/types\/product"}],"replies":[{"embeddable":true,"href":"https:\/\/draelegancia.com.br\/shop\/wp-json\/wp\/v2\/comments?post=26203"}],"version-history":[{"count":2,"href":"https:\/\/draelegancia.com.br\/shop\/wp-json\/wp\/v2\/product\/26203\/revisions"}],"predecessor-version":[{"id":26683,"href":"https:\/\/draelegancia.com.br\/shop\/wp-json\/wp\/v2\/product\/26203\/revisions\/26683"}],"wp:featuredmedia":[{"embeddable":true,"href":"https:\/\/draelegancia.com.br\/shop\/wp-json\/wp\/v2\/media\/26204"}],"wp:attachment":[{"href":"https:\/\/draelegancia.com.br\/shop\/wp-json\/wp\/v2\/media?parent=26203"}],"wp:term":[{"taxonomy":"product_brand","embeddable":true,"href":"https:\/\/draelegancia.com.br\/shop\/wp-json\/wp\/v2\/product_brand?post=26203"},{"taxonomy":"product_cat","embeddable":true,"href":"https:\/\/draelegancia.com.br\/shop\/wp-json\/wp\/v2\/product_cat?post=26203"},{"taxonomy":"product_tag","embeddable":true,"href":"https:\/\/draelegancia.com.br\/shop\/wp-json\/wp\/v2\/product_tag?post=26203"}],"curies":[{"name":"wp","href":"https:\/\/api.w.org\/{rel}","templated":true}]}}

<p>Jaleco elastic manga curta foi confeccionado em tecido com a composição de 95% poliester e 5% elastano, proporcionando assim conforto e leveza.<br />
O jaleco elastic manga curta possui gola tradicional, com o fecho em botões, um bolso no peito esquerdo, e na altura do quadril um bolso fundo de cada lado, perfeito para a praticidade que você precisa no seu dia a dia no trabalho.<br />
Nas parte de trás tem uma faixa na cintura, que deixa o jaleco acinturado e dando um toque de charme a mais.</p>
<p>É um jaleco perfeito para o seu dia a dia no trabalho, proporcionando conforto, praticidade e elegância em uma só peça.</p>
<p>OBS: O logo é retirável!</p>
<p>&nbsp;</p>

<p>Jaleco elastic manga curta foi confeccionado em tecido com a composição de 95% poliester e 5% elastano, proporcionando assim conforto e leveza. O jaleco elastic manga curta possui gola tradicional, com o fecho em botões, um bolso no peito esquerdo, e na altura do quadril um bolso fundo de cada lado, perfeito para a praticidade [&#8230;]
