{"id":26134,"date":"2024-10-01T15:28:04","date_gmt":"2024-10-01T18:28:04","guid":{"rendered":"https:\/\/draelegancia.com.br\/shop\/?post_type=product&#038;p=26134"},"modified":"2025-07-17T11:31:28","modified_gmt":"2025-07-17T14:31:28","slug":"jaleco-gola-rainha-com-cinto-2","status":"publish","type":"product","link":"https:\/\/draelegancia.com.br\/shop\/produto\/jaleco-gola-rainha-com-cinto-2\/","title":{"rendered":"Jaleco Gola Rainha Com Cinto"},"content":{"rendered":"<p>O nosso modelo jaleco gola rainha com cinto foi confeccionado com tecido alfaiataria miran, que cont\u00e9m em sua composi\u00e7\u00e3o 95% de poliester e 5% de elastano, assim proporcionando o conforto que voc\u00ea precisa para o seu dia a dia no trabalho.<\/p>\n<p>O diferencial desse modelo est\u00e1 na gola, que chamamos de gola rainha, que transmite eleg\u00e2ncia \u00e0 sua imagem.<\/p>\n<p>N\u00e3o abrimos m\u00e3o da praticidade tamb\u00e9m, com bolsos nas laterais e um cinto que modela a cintura.<\/p>\n<p>\u00c9 um modelo sofisticado que proporciona eleg\u00e2ncia, conforto e praticidade.<\/p>\n<p>OBS: O logo \u00e9 retir\u00e1vel!<\/p>\n<p><strong>OBS: Temos a op\u00e7\u00e3o de colocar punho nesse jaleco, e temos tamb\u00e9m a op\u00e7\u00e3o desse jaleco com manga curta. Caso queira uma das op\u00e7\u00f5es informar em notas do pedido, ou nos informar pelo whatsapp depois de realizar a compra.<\/strong><\/p>\n<p><strong>IMPORTANTE: CASO ESCOLHA UMA DAS OP\u00c7\u00d5ES N\u00c3O ACEITAMOS TROCA E DEVOLU\u00c7\u00c3O!<\/strong><\/p>\n","protected":false},"excerpt":{"rendered":"<p>O nosso modelo jaleco gola rainha com cinto foi confeccionado com tecido alfaiataria miran, que cont\u00e9m em sua composi\u00e7\u00e3o 95% de poliester e 5% de elastano, assim proporcionando o conforto que voc\u00ea precisa para o seu dia a dia no trabalho. O diferencial desse modelo est\u00e1 na gola, que chamamos de gola rainha, que transmite [&#8230;]\n","protected":false},"featured_media":26123,"comment_status":"open","ping_status":"closed","template":"","meta":{"_joinchat":[]},"product_brand":[],"product_cat":[86,89],"product_tag":[],"class_list":{"0":"post-26134","1":"product","2":"type-product","3":"status-publish","4":"has-post-thumbnail","6":"product_cat-feminino","7":"product_cat-jalecos","8":"pa_cor-preto","9":"pa_tamanho-egxgg","10":"pa_tamanho-g","11":"pa_tamanho-gg","12":"pa_tamanho-m","13":"pa_tamanho-p","14":"pa_tamanho-pp","16":"first","17":"instock","18":"taxable","19":"shipping-taxable","20":"purchasable","21":"product-type-variable"},"aioseo_notices":[],"_links":{"self":[{"href":"https:\/\/draelegancia.com.br\/shop\/wp-json\/wp\/v2\/product\/26134","targetHints":{"allow":["GET"]}}],"collection":[{"href":"https:\/\/draelegancia.com.br\/shop\/wp-json\/wp\/v2\/product"}],"about":[{"href":"https:\/\/draelegancia.com.br\/shop\/wp-json\/wp\/v2\/types\/product"}],"replies":[{"embeddable":true,"href":"https:\/\/draelegancia.com.br\/shop\/wp-json\/wp\/v2\/comments?post=26134"}],"version-history":[{"count":1,"href":"https:\/\/draelegancia.com.br\/shop\/wp-json\/wp\/v2\/product\/26134\/revisions"}],"predecessor-version":[{"id":26907,"href":"https:\/\/draelegancia.com.br\/shop\/wp-json\/wp\/v2\/product\/26134\/revisions\/26907"}],"wp:featuredmedia":[{"embeddable":true,"href":"https:\/\/draelegancia.com.br\/shop\/wp-json\/wp\/v2\/media\/26123"}],"wp:attachment":[{"href":"https:\/\/draelegancia.com.br\/shop\/wp-json\/wp\/v2\/media?parent=26134"}],"wp:term":[{"taxonomy":"product_brand","embeddable":true,"href":"https:\/\/draelegancia.com.br\/shop\/wp-json\/wp\/v2\/product_brand?post=26134"},{"taxonomy":"product_cat","embeddable":true,"href":"https:\/\/draelegancia.com.br\/shop\/wp-json\/wp\/v2\/product_cat?post=26134"},{"taxonomy":"product_tag","embeddable":true,"href":"https:\/\/draelegancia.com.br\/shop\/wp-json\/wp\/v2\/product_tag?post=26134"}],"curies":[{"name":"wp","href":"https:\/\/api.w.org\/{rel}","templated":true}]}}

<p>O nosso modelo jaleco gola rainha com cinto foi confeccionado com tecido alfaiataria miran, que contém em sua composição 95% de poliester e 5% de elastano, assim proporcionando o conforto que você precisa para o seu dia a dia no trabalho.</p>
<p>O diferencial desse modelo está na gola, que chamamos de gola rainha, que transmite elegância à sua imagem.</p>
<p>Não abrimos mão da praticidade também, com bolsos nas laterais e um cinto que modela a cintura.</p>
<p>É um modelo sofisticado que proporciona elegância, conforto e praticidade.</p>
<p>OBS: O logo é retirável!</p>
<p><strong>OBS: Temos a opção de colocar punho nesse jaleco, e temos também a opção desse jaleco com manga curta. Caso queira uma das opções informar em notas do pedido, ou nos informar pelo whatsapp depois de realizar a compra.</strong></p>
<p><strong>IMPORTANTE: CASO ESCOLHA UMA DAS OPÇÕES NÃO ACEITAMOS TROCA E DEVOLUÇÃO!</strong></p>

<p>O nosso modelo jaleco gola rainha com cinto foi confeccionado com tecido alfaiataria miran, que contém em sua composição 95% de poliester e 5% de elastano, assim proporcionando o conforto que você precisa para o seu dia a dia no trabalho. O diferencial desse modelo está na gola, que chamamos de gola rainha, que transmite [&#8230;]
