{"id":26022,"date":"2024-08-31T19:56:57","date_gmt":"2024-08-31T22:56:57","guid":{"rendered":"https:\/\/draelegancia.com.br\/shop\/?post_type=product&#038;p=26022"},"modified":"2026-04-17T11:16:06","modified_gmt":"2026-04-17T14:16:06","slug":"jaleco-ziper-versatil-2","status":"publish","type":"product","link":"https:\/\/draelegancia.com.br\/shop\/produto\/jaleco-ziper-versatil-2\/","title":{"rendered":"Jaleco Z\u00edper Vers\u00e1til"},"content":{"rendered":"<p>O nosso jaleco z\u00edper vers\u00e1til, confeccionado no tecido miran, tendo a composi\u00e7\u00e3o 95% poli\u00e9ster e 5% elastano, e gra\u00e7as a essa conposi\u00e7\u00e3o, esse modelo proporciona um toque suave e super confort\u00e1vel.<\/p>\n<p>O jaleco z\u00edper vers\u00e1til, como o pr\u00f3prio nome diz, possui um z\u00edper, assim sendo f\u00e1cil para vesti-lo.<\/p>\n<p>Possui um bolso de cada lado, te proporcionando a praticidade que voc\u00ea precisa no seu dia a dia no trabalho.<\/p>\n<p>Al\u00e9m da praticidade esse modelo tamb\u00e9m n\u00e3o abre m\u00e3o do visual, com as mangas princesa, esse modelo vai te proporcionar a eleg\u00e2ncia para a sua imagem profissional.<\/p>\n<p>OBS: O logo \u00e9 retir\u00e1vel!<\/p>\n<p>OBS: Temos a op\u00e7\u00e3o desse jaleco com manga curta. Caso queira com manga curta informar em notas do pedido, ou nos informar pelo whatsapp depois de realizar a compra.<\/p>\n<p>IMPORTANTE: CASO ESCOLHA A OP\u00c7\u00c3O COM MANGA CURTA N\u00c3O ACEITAMOS TROCA E DEVOLU\u00c7\u00c3O!<\/p>\n","protected":false},"excerpt":{"rendered":"<p>O nosso jaleco z\u00edper vers\u00e1til, confeccionado no tecido miran, tendo a composi\u00e7\u00e3o 95% poli\u00e9ster e 5% elastano, e gra\u00e7as a essa conposi\u00e7\u00e3o, esse modelo proporciona um toque suave e super confort\u00e1vel. O jaleco z\u00edper vers\u00e1til, como o pr\u00f3prio nome diz, possui um z\u00edper, assim sendo f\u00e1cil para vesti-lo. Possui um bolso de cada lado, te [&#8230;]\n","protected":false},"featured_media":25991,"comment_status":"open","ping_status":"closed","template":"","meta":{"_joinchat":[]},"product_brand":[],"product_cat":[86,89],"product_tag":[],"class_list":{"0":"post-26022","1":"product","2":"type-product","3":"status-publish","4":"has-post-thumbnail","6":"product_cat-feminino","7":"product_cat-jalecos","8":"pa_cor-preto","9":"pa_tamanho-egxgg","10":"pa_tamanho-g","11":"pa_tamanho-gg","12":"pa_tamanho-m","13":"pa_tamanho-p","14":"pa_tamanho-pp","16":"first","17":"instock","18":"taxable","19":"shipping-taxable","20":"purchasable","21":"product-type-variable"},"aioseo_notices":[],"_links":{"self":[{"href":"https:\/\/draelegancia.com.br\/shop\/wp-json\/wp\/v2\/product\/26022","targetHints":{"allow":["GET"]}}],"collection":[{"href":"https:\/\/draelegancia.com.br\/shop\/wp-json\/wp\/v2\/product"}],"about":[{"href":"https:\/\/draelegancia.com.br\/shop\/wp-json\/wp\/v2\/types\/product"}],"replies":[{"embeddable":true,"href":"https:\/\/draelegancia.com.br\/shop\/wp-json\/wp\/v2\/comments?post=26022"}],"version-history":[{"count":2,"href":"https:\/\/draelegancia.com.br\/shop\/wp-json\/wp\/v2\/product\/26022\/revisions"}],"predecessor-version":[{"id":28503,"href":"https:\/\/draelegancia.com.br\/shop\/wp-json\/wp\/v2\/product\/26022\/revisions\/28503"}],"wp:featuredmedia":[{"embeddable":true,"href":"https:\/\/draelegancia.com.br\/shop\/wp-json\/wp\/v2\/media\/25991"}],"wp:attachment":[{"href":"https:\/\/draelegancia.com.br\/shop\/wp-json\/wp\/v2\/media?parent=26022"}],"wp:term":[{"taxonomy":"product_brand","embeddable":true,"href":"https:\/\/draelegancia.com.br\/shop\/wp-json\/wp\/v2\/product_brand?post=26022"},{"taxonomy":"product_cat","embeddable":true,"href":"https:\/\/draelegancia.com.br\/shop\/wp-json\/wp\/v2\/product_cat?post=26022"},{"taxonomy":"product_tag","embeddable":true,"href":"https:\/\/draelegancia.com.br\/shop\/wp-json\/wp\/v2\/product_tag?post=26022"}],"curies":[{"name":"wp","href":"https:\/\/api.w.org\/{rel}","templated":true}]}}

Jaleco Zíper Versátil

<p>O nosso jaleco zíper versátil, confeccionado no tecido miran, tendo a composição 95% poliéster e 5% elastano, e graças a essa conposição, esse modelo proporciona um toque suave e super confortável.</p>
<p>O jaleco zíper versátil, como o próprio nome diz, possui um zíper, assim sendo fácil para vesti-lo.</p>
<p>Possui um bolso de cada lado, te proporcionando a praticidade que você precisa no seu dia a dia no trabalho.</p>
<p>Além da praticidade esse modelo também não abre mão do visual, com as mangas princesa, esse modelo vai te proporcionar a elegância para a sua imagem profissional.</p>
<p>OBS: O logo é retirável!</p>
<p>OBS: Temos a opção desse jaleco com manga curta. Caso queira com manga curta informar em notas do pedido, ou nos informar pelo whatsapp depois de realizar a compra.</p>
<p>IMPORTANTE: CASO ESCOLHA A OPÇÃO COM MANGA CURTA NÃO ACEITAMOS TROCA E DEVOLUÇÃO!</p>

<p>O nosso jaleco zíper versátil, confeccionado no tecido miran, tendo a composição 95% poliéster e 5% elastano, e graças a essa conposição, esse modelo proporciona um toque suave e super confortável. O jaleco zíper versátil, como o próprio nome diz, possui um zíper, assim sendo fácil para vesti-lo. Possui um bolso de cada lado, te [&#8230;]
