{"id":25137,"date":"2024-07-26T14:02:47","date_gmt":"2024-07-26T17:02:47","guid":{"rendered":"https:\/\/draelegancia.com.br\/shop\/?post_type=product&#038;p=25137"},"modified":"2025-10-15T16:21:21","modified_gmt":"2025-10-15T19:21:21","slug":"scrub-barbie-liso-5","status":"publish","type":"product","link":"https:\/\/draelegancia.com.br\/shop\/produto\/scrub-barbie-liso-5\/","title":{"rendered":"Scrub Barbie Liso"},"content":{"rendered":"<p>O nosso novo modelo scrub barbie liso foi produzido com a composi\u00e7\u00e3o 95% poliester e 5% elastano. Ele \u00e9 bem leve e super confort\u00e1vel, com um toque macio e possui acabamento e caimento impec\u00e1vel.<\/p>\n<p>A blusa do nosso modelo scrub barbie liso tem uma gola v, com recorte no corpo que deixa acinturado, possui bolsos e as mangas possuem abertura transpassado, dando charme ao modelo.<\/p>\n<p>J\u00e1 a cal\u00e7a possui corte reto, el\u00e1stico na cintura com cord\u00e3o para regulagem e tamb\u00e9m tem bolsos nas laterais para manuseio no dia a dia.<\/p>\n<p>OBS: O logo \u00e9 retir\u00e1vel!<\/p>\n","protected":false},"excerpt":{"rendered":"<p>O nosso novo modelo scrub barbie liso foi produzido com a composi\u00e7\u00e3o 95% poliester e 5% elastano. Ele \u00e9 bem leve e super confort\u00e1vel, com um toque macio e possui acabamento e caimento impec\u00e1vel. A blusa do nosso modelo scrub barbie liso tem uma gola v, com recorte no corpo que deixa acinturado, possui bolsos [&#8230;]\n","protected":false},"featured_media":25135,"comment_status":"open","ping_status":"closed","template":"","meta":{"_joinchat":[]},"product_brand":[],"product_cat":[92,86,91],"product_tag":[],"class_list":{"0":"post-25137","1":"product","2":"type-product","3":"status-publish","4":"has-post-thumbnail","6":"product_cat-conjuntos","7":"product_cat-feminino","8":"product_cat-scrubs","9":"pa_cor-verde-agua","10":"pa_tamanho-egxgg","11":"pa_tamanho-g","12":"pa_tamanho-gg","13":"pa_tamanho-m","14":"pa_tamanho-p","15":"pa_tamanho-pp","17":"first","18":"instock","19":"taxable","20":"shipping-taxable","21":"purchasable","22":"product-type-variable"},"aioseo_notices":[],"_links":{"self":[{"href":"https:\/\/draelegancia.com.br\/shop\/wp-json\/wp\/v2\/product\/25137","targetHints":{"allow":["GET"]}}],"collection":[{"href":"https:\/\/draelegancia.com.br\/shop\/wp-json\/wp\/v2\/product"}],"about":[{"href":"https:\/\/draelegancia.com.br\/shop\/wp-json\/wp\/v2\/types\/product"}],"replies":[{"embeddable":true,"href":"https:\/\/draelegancia.com.br\/shop\/wp-json\/wp\/v2\/comments?post=25137"}],"version-history":[{"count":1,"href":"https:\/\/draelegancia.com.br\/shop\/wp-json\/wp\/v2\/product\/25137\/revisions"}],"predecessor-version":[{"id":28420,"href":"https:\/\/draelegancia.com.br\/shop\/wp-json\/wp\/v2\/product\/25137\/revisions\/28420"}],"wp:featuredmedia":[{"embeddable":true,"href":"https:\/\/draelegancia.com.br\/shop\/wp-json\/wp\/v2\/media\/25135"}],"wp:attachment":[{"href":"https:\/\/draelegancia.com.br\/shop\/wp-json\/wp\/v2\/media?parent=25137"}],"wp:term":[{"taxonomy":"product_brand","embeddable":true,"href":"https:\/\/draelegancia.com.br\/shop\/wp-json\/wp\/v2\/product_brand?post=25137"},{"taxonomy":"product_cat","embeddable":true,"href":"https:\/\/draelegancia.com.br\/shop\/wp-json\/wp\/v2\/product_cat?post=25137"},{"taxonomy":"product_tag","embeddable":true,"href":"https:\/\/draelegancia.com.br\/shop\/wp-json\/wp\/v2\/product_tag?post=25137"}],"curies":[{"name":"wp","href":"https:\/\/api.w.org\/{rel}","templated":true}]}}