{"id":24924,"date":"2024-03-27T00:24:08","date_gmt":"2024-03-27T03:24:08","guid":{"rendered":"https:\/\/draelegancia.com.br\/shop\/?post_type=product&#038;p=24924"},"modified":"2025-11-01T23:07:18","modified_gmt":"2025-11-02T02:07:18","slug":"jaleco-miran-princesa-2","status":"publish","type":"product","link":"https:\/\/draelegancia.com.br\/shop\/produto\/jaleco-miran-princesa-2\/","title":{"rendered":"Jaleco Miran Princesa"},"content":{"rendered":"<p>O jaleco miran princesa possui em sua composi\u00e7\u00e3o 95% poliester e 5% elastano, assim proporcionando conforto e um caimento perfeito no corpo.<\/p>\n<p>Possui o fecho em z\u00edper de metal dourado, a gola padre, as mangas bufantes, e na cintura e costas possui tamb\u00e9m detalhe de bot\u00e3o dourado. E por \u00faltimo mas n\u00e3o menos importante, o jaleco possui um bolso de cada lado, onde voc\u00ea pode guardar suas coisinhas.<\/p>\n<p>Cada detalhe foi pensado e fabricado para ser um jaleco confort\u00e1vel mas sem abrir m\u00e3o da eleg\u00e2ncia.<\/p>\n<p>OBS: O logo \u00e9 retir\u00e1vel!<\/p>\n<p><strong>OBS: Temos a op\u00e7\u00e3o de colocar punho nesse jaleco, e temos tamb\u00e9m a op\u00e7\u00e3o desse jaleco com manga curta. Caso queira uma das op\u00e7\u00f5es informar em notas do pedido, ou nos informar pelo whatsapp depois de realizar a compra.<\/strong><\/p>\n<p><strong>IMPORTANTE: CASO ESCOLHA UMA DAS OP\u00c7\u00d5ES ACIMA N\u00c3O ACEITAMOS TROCA E DEVOLU\u00c7\u00c3O!<\/strong><\/p>\n","protected":false},"excerpt":{"rendered":"<p>O jaleco miran princesa possui em sua composi\u00e7\u00e3o 95% poliester e 5% elastano, assim proporcionando conforto e um caimento perfeito no corpo. Possui o fecho em z\u00edper de metal dourado, a gola padre, as mangas bufantes, e na cintura e costas possui tamb\u00e9m detalhe de bot\u00e3o dourado. E por \u00faltimo mas n\u00e3o menos importante, o [&#8230;]\n","protected":false},"featured_media":24935,"comment_status":"open","ping_status":"closed","template":"","meta":{"_joinchat":[]},"product_brand":[],"product_cat":[86,89],"product_tag":[],"class_list":{"0":"post-24924","1":"product","2":"type-product","3":"status-publish","4":"has-post-thumbnail","6":"product_cat-feminino","7":"product_cat-jalecos","8":"pa_cor-azul-marinho","9":"pa_tamanho-egxgg","10":"pa_tamanho-g","11":"pa_tamanho-gg","12":"pa_tamanho-m","13":"pa_tamanho-p","14":"pa_tamanho-pp","16":"first","17":"outofstock","18":"taxable","19":"shipping-taxable","20":"product-type-variable"},"aioseo_notices":[],"_links":{"self":[{"href":"https:\/\/draelegancia.com.br\/shop\/wp-json\/wp\/v2\/product\/24924","targetHints":{"allow":["GET"]}}],"collection":[{"href":"https:\/\/draelegancia.com.br\/shop\/wp-json\/wp\/v2\/product"}],"about":[{"href":"https:\/\/draelegancia.com.br\/shop\/wp-json\/wp\/v2\/types\/product"}],"replies":[{"embeddable":true,"href":"https:\/\/draelegancia.com.br\/shop\/wp-json\/wp\/v2\/comments?post=24924"}],"version-history":[{"count":1,"href":"https:\/\/draelegancia.com.br\/shop\/wp-json\/wp\/v2\/product\/24924\/revisions"}],"predecessor-version":[{"id":26827,"href":"https:\/\/draelegancia.com.br\/shop\/wp-json\/wp\/v2\/product\/24924\/revisions\/26827"}],"wp:featuredmedia":[{"embeddable":true,"href":"https:\/\/draelegancia.com.br\/shop\/wp-json\/wp\/v2\/media\/24935"}],"wp:attachment":[{"href":"https:\/\/draelegancia.com.br\/shop\/wp-json\/wp\/v2\/media?parent=24924"}],"wp:term":[{"taxonomy":"product_brand","embeddable":true,"href":"https:\/\/draelegancia.com.br\/shop\/wp-json\/wp\/v2\/product_brand?post=24924"},{"taxonomy":"product_cat","embeddable":true,"href":"https:\/\/draelegancia.com.br\/shop\/wp-json\/wp\/v2\/product_cat?post=24924"},{"taxonomy":"product_tag","embeddable":true,"href":"https:\/\/draelegancia.com.br\/shop\/wp-json\/wp\/v2\/product_tag?post=24924"}],"curies":[{"name":"wp","href":"https:\/\/api.w.org\/{rel}","templated":true}]}}

<p>O jaleco miran princesa possui em sua composição 95% poliester e 5% elastano, assim proporcionando conforto e um caimento perfeito no corpo.</p>
<p>Possui o fecho em zíper de metal dourado, a gola padre, as mangas bufantes, e na cintura e costas possui também detalhe de botão dourado. E por último mas não menos importante, o jaleco possui um bolso de cada lado, onde você pode guardar suas coisinhas.</p>
<p>Cada detalhe foi pensado e fabricado para ser um jaleco confortável mas sem abrir mão da elegância.</p>
<p>OBS: O logo é retirável!</p>
<p><strong>OBS: Temos a opção de colocar punho nesse jaleco, e temos também a opção desse jaleco com manga curta. Caso queira uma das opções informar em notas do pedido, ou nos informar pelo whatsapp depois de realizar a compra.</strong></p>
<p><strong>IMPORTANTE: CASO ESCOLHA UMA DAS OPÇÕES ACIMA NÃO ACEITAMOS TROCA E DEVOLUÇÃO!</strong></p>

<p>O jaleco miran princesa possui em sua composição 95% poliester e 5% elastano, assim proporcionando conforto e um caimento perfeito no corpo. Possui o fecho em zíper de metal dourado, a gola padre, as mangas bufantes, e na cintura e costas possui também detalhe de botão dourado. E por último mas não menos importante, o [&#8230;]
