{"id":24037,"date":"2023-08-08T23:30:39","date_gmt":"2023-08-09T02:30:39","guid":{"rendered":"https:\/\/draelegancia.com.br\/shop\/?post_type=product&#038;p=24037"},"modified":"2026-03-05T14:28:16","modified_gmt":"2026-03-05T17:28:16","slug":"jaleco-elastic-ziper-sofisticado-2","status":"publish","type":"product","link":"https:\/\/draelegancia.com.br\/shop\/produto\/jaleco-elastic-ziper-sofisticado-2\/","title":{"rendered":"Jaleco Genova Z\u00edper Sofisticado Cor Cinza"},"content":{"rendered":"<p>O jaleco elastic z\u00edper sofisticado foi feito com um tecido super confort\u00e1vel, e possui na sua composi\u00e7\u00e3o 95% de poliester e 5% de elastano.<br \/>\n\u00c9 um jaleco estiloso com o fecho inteiro em z\u00edper na mesma cor do tecido. Bolso na parte do peito, sendo \u00fatil para objetos como caneta e muito mais. E possui tamb\u00e9m dois bolsos na parte de baixo da frente, um de cada lado.<br \/>\nNas costas tem um cinto no meio, dando um charme a mais no jaleco e deixando o jaleco acinturado.<br \/>\nO jaleco elastic z\u00edper sofisticado \u00e9 perfeito para o seu dia a dia, garantindo estilo e conforto.<\/p>\n<p>OBS: O logo \u00e9 retir\u00e1vel!<\/p>\n<p><strong>OBS: Temos a op\u00e7\u00e3o de colocar punho nesse jaleco, e temos tamb\u00e9m a op\u00e7\u00e3o desse jaleco com manga curta. Caso queira uma das op\u00e7\u00f5es informar em notas do pedido, ou nos informar pelo whatsapp depois de realizar a compra.<\/strong><\/p>\n<p><strong>IMPORTANTE: CASO ESCOLHA UMA DAS OP\u00c7\u00d5ES N\u00c3O ACEITAMOS TROCA E DEVOLU\u00c7\u00c3O!<\/strong><\/p>\n","protected":false},"excerpt":{"rendered":"<p>O jaleco elastic z\u00edper sofisticado foi feito com um tecido super confort\u00e1vel, e possui na sua composi\u00e7\u00e3o 95% de poliester e 5% de elastano. \u00c9 um jaleco estiloso com o fecho inteiro em z\u00edper na mesma cor do tecido. Bolso na parte do peito, sendo \u00fatil para objetos como caneta e muito mais. E possui [&#8230;]\n","protected":false},"featured_media":24038,"comment_status":"open","ping_status":"closed","template":"","meta":{"_joinchat":[]},"product_brand":[],"product_cat":[86,89],"product_tag":[],"class_list":{"0":"post-24037","1":"product","2":"type-product","3":"status-publish","4":"has-post-thumbnail","6":"product_cat-feminino","7":"product_cat-jalecos","8":"pa_cor-cinza","9":"pa_tamanho-egxgg","10":"pa_tamanho-g","11":"pa_tamanho-gg","12":"pa_tamanho-m","13":"pa_tamanho-p","14":"pa_tamanho-pp","16":"first","17":"instock","18":"taxable","19":"shipping-taxable","20":"purchasable","21":"product-type-variable"},"aioseo_notices":[],"_links":{"self":[{"href":"https:\/\/draelegancia.com.br\/shop\/wp-json\/wp\/v2\/product\/24037","targetHints":{"allow":["GET"]}}],"collection":[{"href":"https:\/\/draelegancia.com.br\/shop\/wp-json\/wp\/v2\/product"}],"about":[{"href":"https:\/\/draelegancia.com.br\/shop\/wp-json\/wp\/v2\/types\/product"}],"replies":[{"embeddable":true,"href":"https:\/\/draelegancia.com.br\/shop\/wp-json\/wp\/v2\/comments?post=24037"}],"version-history":[{"count":4,"href":"https:\/\/draelegancia.com.br\/shop\/wp-json\/wp\/v2\/product\/24037\/revisions"}],"predecessor-version":[{"id":24888,"href":"https:\/\/draelegancia.com.br\/shop\/wp-json\/wp\/v2\/product\/24037\/revisions\/24888"}],"wp:featuredmedia":[{"embeddable":true,"href":"https:\/\/draelegancia.com.br\/shop\/wp-json\/wp\/v2\/media\/24038"}],"wp:attachment":[{"href":"https:\/\/draelegancia.com.br\/shop\/wp-json\/wp\/v2\/media?parent=24037"}],"wp:term":[{"taxonomy":"product_brand","embeddable":true,"href":"https:\/\/draelegancia.com.br\/shop\/wp-json\/wp\/v2\/product_brand?post=24037"},{"taxonomy":"product_cat","embeddable":true,"href":"https:\/\/draelegancia.com.br\/shop\/wp-json\/wp\/v2\/product_cat?post=24037"},{"taxonomy":"product_tag","embeddable":true,"href":"https:\/\/draelegancia.com.br\/shop\/wp-json\/wp\/v2\/product_tag?post=24037"}],"curies":[{"name":"wp","href":"https:\/\/api.w.org\/{rel}","templated":true}]}}

Jaleco Genova Zíper Sofisticado Cor Cinza

<p>O jaleco elastic zíper sofisticado foi feito com um tecido super confortável, e possui na sua composição 95% de poliester e 5% de elastano.<br />
É um jaleco estiloso com o fecho inteiro em zíper na mesma cor do tecido. Bolso na parte do peito, sendo útil para objetos como caneta e muito mais. E possui também dois bolsos na parte de baixo da frente, um de cada lado.<br />
Nas costas tem um cinto no meio, dando um charme a mais no jaleco e deixando o jaleco acinturado.<br />
O jaleco elastic zíper sofisticado é perfeito para o seu dia a dia, garantindo estilo e conforto.</p>
<p>OBS: O logo é retirável!</p>
<p><strong>OBS: Temos a opção de colocar punho nesse jaleco, e temos também a opção desse jaleco com manga curta. Caso queira uma das opções informar em notas do pedido, ou nos informar pelo whatsapp depois de realizar a compra.</strong></p>
<p><strong>IMPORTANTE: CASO ESCOLHA UMA DAS OPÇÕES NÃO ACEITAMOS TROCA E DEVOLUÇÃO!</strong></p>

<p>O jaleco elastic zíper sofisticado foi feito com um tecido super confortável, e possui na sua composição 95% de poliester e 5% de elastano. É um jaleco estiloso com o fecho inteiro em zíper na mesma cor do tecido. Bolso na parte do peito, sendo útil para objetos como caneta e muito mais. E possui [&#8230;]
