{"id":24012,"date":"2023-08-08T23:07:23","date_gmt":"2023-08-09T02:07:23","guid":{"rendered":"https:\/\/draelegancia.com.br\/shop\/?post_type=product&#038;p=24012"},"modified":"2026-04-13T11:26:20","modified_gmt":"2026-04-13T14:26:20","slug":"jaleco-feminino-ziper-elastic-4","status":"publish","type":"product","link":"https:\/\/draelegancia.com.br\/shop\/produto\/jaleco-feminino-ziper-elastic-4\/","title":{"rendered":"Jaleco Feminino Z\u00edper Genova"},"content":{"rendered":"<p>Jaleco confeccionado em tecido 95% poliester e 5% elastano. Um jaleco moderno, f\u00e1cil de lavar e cuidar, que foi feito para durar por bastante tempo. Possui bolsos embutidos, fechamento em z\u00edper, e manga com punho. Esse jaleco \u00e9 perfeito para quem busca estilo e conforto ao mesmo tempo.<\/p>\n<p>OBS: O logo \u00e9 retir\u00e1vel!<\/p>\n<p><strong>OBS: Temos a op\u00e7\u00e3o desse jaleco com manga curta. Caso queira com manga curta informar em notas do pedido, ou nos informar pelo whatsapp depois de realizar a compra.<\/strong><\/p>\n<p><strong>IMPORTANTE: CASO ESCOLHA A OP\u00c7\u00c3O COM MANGA CURTA N\u00c3O ACEITAMOS TROCA E DEVOLU\u00c7\u00c3O!<\/strong><\/p>\n","protected":false},"excerpt":{"rendered":"<p>Jaleco confeccionado em tecido 95% poliester e 5% elastano. Um jaleco moderno, f\u00e1cil de lavar e cuidar, que foi feito para durar por bastante tempo. Possui bolsos embutidos, fechamento em z\u00edper, e manga com punho. Esse jaleco \u00e9 perfeito para quem busca estilo e conforto ao mesmo tempo. OBS: O logo \u00e9 retir\u00e1vel! OBS: Temos [&#8230;]\n","protected":false},"featured_media":24019,"comment_status":"open","ping_status":"closed","template":"","meta":{"_joinchat":[]},"product_brand":[],"product_cat":[86,89],"product_tag":[],"class_list":{"0":"post-24012","1":"product","2":"type-product","3":"status-publish","4":"has-post-thumbnail","6":"product_cat-feminino","7":"product_cat-jalecos","8":"pa_cor-cinza","9":"pa_tamanho-egxgg","10":"pa_tamanho-g","11":"pa_tamanho-gg","12":"pa_tamanho-m","13":"pa_tamanho-p","14":"pa_tamanho-pp","16":"first","17":"instock","18":"taxable","19":"shipping-taxable","20":"purchasable","21":"product-type-variable"},"aioseo_notices":[],"_links":{"self":[{"href":"https:\/\/draelegancia.com.br\/shop\/wp-json\/wp\/v2\/product\/24012","targetHints":{"allow":["GET"]}}],"collection":[{"href":"https:\/\/draelegancia.com.br\/shop\/wp-json\/wp\/v2\/product"}],"about":[{"href":"https:\/\/draelegancia.com.br\/shop\/wp-json\/wp\/v2\/types\/product"}],"replies":[{"embeddable":true,"href":"https:\/\/draelegancia.com.br\/shop\/wp-json\/wp\/v2\/comments?post=24012"}],"version-history":[{"count":3,"href":"https:\/\/draelegancia.com.br\/shop\/wp-json\/wp\/v2\/product\/24012\/revisions"}],"predecessor-version":[{"id":28700,"href":"https:\/\/draelegancia.com.br\/shop\/wp-json\/wp\/v2\/product\/24012\/revisions\/28700"}],"wp:featuredmedia":[{"embeddable":true,"href":"https:\/\/draelegancia.com.br\/shop\/wp-json\/wp\/v2\/media\/24019"}],"wp:attachment":[{"href":"https:\/\/draelegancia.com.br\/shop\/wp-json\/wp\/v2\/media?parent=24012"}],"wp:term":[{"taxonomy":"product_brand","embeddable":true,"href":"https:\/\/draelegancia.com.br\/shop\/wp-json\/wp\/v2\/product_brand?post=24012"},{"taxonomy":"product_cat","embeddable":true,"href":"https:\/\/draelegancia.com.br\/shop\/wp-json\/wp\/v2\/product_cat?post=24012"},{"taxonomy":"product_tag","embeddable":true,"href":"https:\/\/draelegancia.com.br\/shop\/wp-json\/wp\/v2\/product_tag?post=24012"}],"curies":[{"name":"wp","href":"https:\/\/api.w.org\/{rel}","templated":true}]}}

Jaleco Feminino Zíper Genova

<p>Jaleco confeccionado em tecido 95% poliester e 5% elastano. Um jaleco moderno, fácil de lavar e cuidar, que foi feito para durar por bastante tempo. Possui bolsos embutidos, fechamento em zíper, e manga com punho. Esse jaleco é perfeito para quem busca estilo e conforto ao mesmo tempo.</p>
<p>OBS: O logo é retirável!</p>
<p><strong>OBS: Temos a opção desse jaleco com manga curta. Caso queira com manga curta informar em notas do pedido, ou nos informar pelo whatsapp depois de realizar a compra.</strong></p>
<p><strong>IMPORTANTE: CASO ESCOLHA A OPÇÃO COM MANGA CURTA NÃO ACEITAMOS TROCA E DEVOLUÇÃO!</strong></p>

<p>Jaleco confeccionado em tecido 95% poliester e 5% elastano. Um jaleco moderno, fácil de lavar e cuidar, que foi feito para durar por bastante tempo. Possui bolsos embutidos, fechamento em zíper, e manga com punho. Esse jaleco é perfeito para quem busca estilo e conforto ao mesmo tempo. OBS: O logo é retirável! OBS: Temos [&#8230;]
