{"id":23270,"date":"2022-11-19T00:03:28","date_gmt":"2022-11-19T03:03:28","guid":{"rendered":"https:\/\/draelegancia.com.br\/shop\/?post_type=product&#038;p=23270"},"modified":"2026-04-09T09:41:01","modified_gmt":"2026-04-09T12:41:01","slug":"jaleco-elastic-5","status":"publish","type":"product","link":"https:\/\/draelegancia.com.br\/shop\/produto\/jaleco-elastic-5\/","title":{"rendered":"Jaleco Elastic"},"content":{"rendered":"<p>Jaleco Elastic confeccionado em tecido 95% poliester e 5% elastano , trazendo conforto e deixando leve.\u00c9 muito pr\u00e1tico para lavagem \u00e9 tem uma longa durabilidade. Um jaleco moderno, em gola padre com bot\u00f5es que facilitam muito no dia a dia . O Jaleco Elastic possui detalhe no punho com bot\u00e3o que pode ser regulado conforme a necessidade deixando mais ajustado . Esse jaleco \u00e9 perfeito para quem busca estilo e conforto ao mesmo tempo!<\/p>\n<p>OBS: O logo \u00e9 retir\u00e1vel!<\/p>\n<p><strong>OBS: Temos a op\u00e7\u00e3o de colocar punho nesse jaleco, e temos tamb\u00e9m a op\u00e7\u00e3o desse jaleco com manga curta. Caso queira uma das op\u00e7\u00f5es informar em notas do pedido, ou nos informar pelo whatsapp depois de realizar a compra.<\/strong><\/p>\n<p><strong>IMPORTANTE: CASO ESCOLHA UMA DAS OP\u00c7\u00d5ES N\u00c3O ACEITAMOS TROCA E DEVOLU\u00c7\u00c3O!<\/strong><\/p>\n","protected":false},"excerpt":{"rendered":"<p>Jaleco Elastic confeccionado em tecido 95% poliester e 5% elastano , trazendo conforto e deixando leve.\u00c9 muito pr\u00e1tico para lavagem \u00e9 tem uma longa durabilidade. Um jaleco moderno, em gola padre com bot\u00f5es que facilitam muito no dia a dia . O Jaleco Elastic possui detalhe no punho com bot\u00e3o que pode ser regulado conforme [&#8230;]\n","protected":false},"featured_media":23267,"comment_status":"open","ping_status":"closed","template":"","meta":{"_joinchat":[]},"product_brand":[],"product_cat":[86,89],"product_tag":[],"class_list":{"0":"post-23270","1":"product","2":"type-product","3":"status-publish","4":"has-post-thumbnail","6":"product_cat-feminino","7":"product_cat-jalecos","8":"pa_cor-cinza","9":"pa_tamanho-g","10":"pa_tamanho-gg","11":"pa_tamanho-m","12":"pa_tamanho-p","13":"pa_tamanho-pp","14":"pa_tamanho-xgg","16":"first","17":"instock","18":"taxable","19":"shipping-taxable","20":"purchasable","21":"product-type-variable"},"aioseo_notices":[],"_links":{"self":[{"href":"https:\/\/draelegancia.com.br\/shop\/wp-json\/wp\/v2\/product\/23270","targetHints":{"allow":["GET"]}}],"collection":[{"href":"https:\/\/draelegancia.com.br\/shop\/wp-json\/wp\/v2\/product"}],"about":[{"href":"https:\/\/draelegancia.com.br\/shop\/wp-json\/wp\/v2\/types\/product"}],"replies":[{"embeddable":true,"href":"https:\/\/draelegancia.com.br\/shop\/wp-json\/wp\/v2\/comments?post=23270"}],"version-history":[{"count":4,"href":"https:\/\/draelegancia.com.br\/shop\/wp-json\/wp\/v2\/product\/23270\/revisions"}],"predecessor-version":[{"id":29812,"href":"https:\/\/draelegancia.com.br\/shop\/wp-json\/wp\/v2\/product\/23270\/revisions\/29812"}],"wp:featuredmedia":[{"embeddable":true,"href":"https:\/\/draelegancia.com.br\/shop\/wp-json\/wp\/v2\/media\/23267"}],"wp:attachment":[{"href":"https:\/\/draelegancia.com.br\/shop\/wp-json\/wp\/v2\/media?parent=23270"}],"wp:term":[{"taxonomy":"product_brand","embeddable":true,"href":"https:\/\/draelegancia.com.br\/shop\/wp-json\/wp\/v2\/product_brand?post=23270"},{"taxonomy":"product_cat","embeddable":true,"href":"https:\/\/draelegancia.com.br\/shop\/wp-json\/wp\/v2\/product_cat?post=23270"},{"taxonomy":"product_tag","embeddable":true,"href":"https:\/\/draelegancia.com.br\/shop\/wp-json\/wp\/v2\/product_tag?post=23270"}],"curies":[{"name":"wp","href":"https:\/\/api.w.org\/{rel}","templated":true}]}}

<p>Jaleco Elastic confeccionado em tecido 95% poliester e 5% elastano , trazendo conforto e deixando leve.É muito prático para lavagem é tem uma longa durabilidade. Um jaleco moderno, em gola padre com botões que facilitam muito no dia a dia . O Jaleco Elastic possui detalhe no punho com botão que pode ser regulado conforme a necessidade deixando mais ajustado . Esse jaleco é perfeito para quem busca estilo e conforto ao mesmo tempo!</p>
<p>OBS: O logo é retirável!</p>
<p><strong>OBS: Temos a opção de colocar punho nesse jaleco, e temos também a opção desse jaleco com manga curta. Caso queira uma das opções informar em notas do pedido, ou nos informar pelo whatsapp depois de realizar a compra.</strong></p>
<p><strong>IMPORTANTE: CASO ESCOLHA UMA DAS OPÇÕES NÃO ACEITAMOS TROCA E DEVOLUÇÃO!</strong></p>

<p>Jaleco Elastic confeccionado em tecido 95% poliester e 5% elastano , trazendo conforto e deixando leve.É muito prático para lavagem é tem uma longa durabilidade. Um jaleco moderno, em gola padre com botões que facilitam muito no dia a dia . O Jaleco Elastic possui detalhe no punho com botão que pode ser regulado conforme [&#8230;]
