{"id":23104,"date":"2022-09-27T00:10:49","date_gmt":"2022-09-27T03:10:49","guid":{"rendered":"https:\/\/draelegancia.com.br\/shop\/?post_type=product&#038;p=23104"},"modified":"2026-04-15T14:40:20","modified_gmt":"2026-04-15T17:40:20","slug":"scrub-feminino-barbie-luxo","status":"publish","type":"product","link":"https:\/\/draelegancia.com.br\/shop\/produto\/scrub-feminino-barbie-luxo\/","title":{"rendered":"Scrub Feminino Barbie Luxo Cor Preto"},"content":{"rendered":"<p>Scrub feminino barbie luxo, confeccionado no tecido barbie alfaiataria com composi\u00e7\u00e3o de 95% poli\u00e9ster e 5% elastano.<\/p>\n<p>A blusa \u00e9 um modelo tradicional com a gola v, e com um toque de estilo com as mangas um pouco franzidas.<\/p>\n<p>A cal\u00e7a possui c\u00f3s com z\u00edper na frente e el\u00e1stico nas costas, deixando assim bem confort\u00e1vel. Nas laterais com bolsos e a barra com el\u00e1stico.<\/p>\n<p>Um modelo bem despojado, com bolsos faca.<\/p>\n<p>OBS: O logo \u00e9 retir\u00e1vel!<\/p>\n","protected":false},"excerpt":{"rendered":"<p>Scrub feminino barbie luxo, confeccionado no tecido barbie alfaiataria com composi\u00e7\u00e3o de 95% poli\u00e9ster e 5% elastano. A blusa \u00e9 um modelo tradicional com a gola v, e com um toque de estilo com as mangas um pouco franzidas. A cal\u00e7a possui c\u00f3s com z\u00edper na frente e el\u00e1stico nas costas, deixando assim bem confort\u00e1vel. [&#8230;]\n","protected":false},"featured_media":23174,"comment_status":"open","ping_status":"closed","template":"","meta":{"_joinchat":[]},"product_brand":[],"product_cat":[92,86,91],"product_tag":[],"class_list":{"0":"post-23104","1":"product","2":"type-product","3":"status-publish","4":"has-post-thumbnail","6":"product_cat-conjuntos","7":"product_cat-feminino","8":"product_cat-scrubs","9":"pa_cor-preto","10":"pa_tamanho-eg","11":"pa_tamanho-g","12":"pa_tamanho-gg","13":"pa_tamanho-m","14":"pa_tamanho-p","15":"pa_tamanho-pp","17":"first","18":"instock","19":"taxable","20":"shipping-taxable","21":"purchasable","22":"product-type-variable"},"aioseo_notices":[],"_links":{"self":[{"href":"https:\/\/draelegancia.com.br\/shop\/wp-json\/wp\/v2\/product\/23104","targetHints":{"allow":["GET"]}}],"collection":[{"href":"https:\/\/draelegancia.com.br\/shop\/wp-json\/wp\/v2\/product"}],"about":[{"href":"https:\/\/draelegancia.com.br\/shop\/wp-json\/wp\/v2\/types\/product"}],"replies":[{"embeddable":true,"href":"https:\/\/draelegancia.com.br\/shop\/wp-json\/wp\/v2\/comments?post=23104"}],"version-history":[{"count":3,"href":"https:\/\/draelegancia.com.br\/shop\/wp-json\/wp\/v2\/product\/23104\/revisions"}],"predecessor-version":[{"id":28256,"href":"https:\/\/draelegancia.com.br\/shop\/wp-json\/wp\/v2\/product\/23104\/revisions\/28256"}],"wp:featuredmedia":[{"embeddable":true,"href":"https:\/\/draelegancia.com.br\/shop\/wp-json\/wp\/v2\/media\/23174"}],"wp:attachment":[{"href":"https:\/\/draelegancia.com.br\/shop\/wp-json\/wp\/v2\/media?parent=23104"}],"wp:term":[{"taxonomy":"product_brand","embeddable":true,"href":"https:\/\/draelegancia.com.br\/shop\/wp-json\/wp\/v2\/product_brand?post=23104"},{"taxonomy":"product_cat","embeddable":true,"href":"https:\/\/draelegancia.com.br\/shop\/wp-json\/wp\/v2\/product_cat?post=23104"},{"taxonomy":"product_tag","embeddable":true,"href":"https:\/\/draelegancia.com.br\/shop\/wp-json\/wp\/v2\/product_tag?post=23104"}],"curies":[{"name":"wp","href":"https:\/\/api.w.org\/{rel}","templated":true}]}}