{"id":23013,"date":"2022-07-22T17:12:52","date_gmt":"2022-07-22T20:12:52","guid":{"rendered":"https:\/\/draelegancia.com.br\/shop\/?post_type=product&#038;p=23013"},"modified":"2026-03-22T21:50:44","modified_gmt":"2026-03-23T00:50:44","slug":"jaleco-elastic-com-cinto","status":"publish","type":"product","link":"https:\/\/draelegancia.com.br\/shop\/produto\/jaleco-elastic-com-cinto\/","title":{"rendered":"Jaleco Elastic com cinto"},"content":{"rendered":"<p>Jaleco Elastic com cinto tem em sua composi\u00e7\u00e3o 95% poliester e 5% elastano, acinturado com cinto do mesmo tecido e com bolsos na frente. Possui gola tradicional, mangas bufantes e bot\u00f5es forrados.<\/p>\n<p>Um modelo bem cl\u00e1ssico e elegante.<\/p>\n<p>OBS: O logo \u00e9 retir\u00e1vel!<\/p>\n<p><strong>O bot\u00e3o da roupa pode ser diferente do bot\u00e3o da foto, devido a disponibilidade.<\/strong><\/p>\n<p><strong>OBS: Temos a op\u00e7\u00e3o de colocar punho nesse jaleco, e temos tamb\u00e9m a op\u00e7\u00e3o desse jaleco com manga curta. Caso queira uma das op\u00e7\u00f5es informar em notas do pedido, ou nos informar pelo whatsapp depois de realizar a compra.<\/strong><\/p>\n<p><strong>IMPORTANTE: CASO ESCOLHA UMA DAS OP\u00c7\u00d5ES N\u00c3O ACEITAMOS TROCA E DEVOLU\u00c7\u00c3O!<\/strong><\/p>\n","protected":false},"excerpt":{"rendered":"<p>Jaleco Elastic com cinto tem em sua composi\u00e7\u00e3o 95% poliester e 5% elastano, acinturado com cinto do mesmo tecido e com bolsos na frente. Possui gola tradicional, mangas bufantes e bot\u00f5es forrados. Um modelo bem cl\u00e1ssico e elegante. OBS: O logo \u00e9 retir\u00e1vel! O bot\u00e3o da roupa pode ser diferente do bot\u00e3o da foto, devido [&#8230;]\n","protected":false},"featured_media":23012,"comment_status":"open","ping_status":"closed","template":"","meta":{"_joinchat":[]},"product_brand":[],"product_cat":[86,89],"product_tag":[],"class_list":{"0":"post-23013","1":"product","2":"type-product","3":"status-publish","4":"has-post-thumbnail","6":"product_cat-feminino","7":"product_cat-jalecos","8":"pa_cor-branco","9":"pa_tamanho-g","10":"pa_tamanho-gg","11":"pa_tamanho-m","12":"pa_tamanho-p","13":"pa_tamanho-pp","14":"pa_tamanho-xgg","16":"first","17":"instock","18":"taxable","19":"shipping-taxable","20":"purchasable","21":"product-type-variable"},"aioseo_notices":[],"_links":{"self":[{"href":"https:\/\/draelegancia.com.br\/shop\/wp-json\/wp\/v2\/product\/23013","targetHints":{"allow":["GET"]}}],"collection":[{"href":"https:\/\/draelegancia.com.br\/shop\/wp-json\/wp\/v2\/product"}],"about":[{"href":"https:\/\/draelegancia.com.br\/shop\/wp-json\/wp\/v2\/types\/product"}],"replies":[{"embeddable":true,"href":"https:\/\/draelegancia.com.br\/shop\/wp-json\/wp\/v2\/comments?post=23013"}],"version-history":[{"count":2,"href":"https:\/\/draelegancia.com.br\/shop\/wp-json\/wp\/v2\/product\/23013\/revisions"}],"predecessor-version":[{"id":26917,"href":"https:\/\/draelegancia.com.br\/shop\/wp-json\/wp\/v2\/product\/23013\/revisions\/26917"}],"wp:featuredmedia":[{"embeddable":true,"href":"https:\/\/draelegancia.com.br\/shop\/wp-json\/wp\/v2\/media\/23012"}],"wp:attachment":[{"href":"https:\/\/draelegancia.com.br\/shop\/wp-json\/wp\/v2\/media?parent=23013"}],"wp:term":[{"taxonomy":"product_brand","embeddable":true,"href":"https:\/\/draelegancia.com.br\/shop\/wp-json\/wp\/v2\/product_brand?post=23013"},{"taxonomy":"product_cat","embeddable":true,"href":"https:\/\/draelegancia.com.br\/shop\/wp-json\/wp\/v2\/product_cat?post=23013"},{"taxonomy":"product_tag","embeddable":true,"href":"https:\/\/draelegancia.com.br\/shop\/wp-json\/wp\/v2\/product_tag?post=23013"}],"curies":[{"name":"wp","href":"https:\/\/api.w.org\/{rel}","templated":true}]}}

<p>Jaleco Elastic com cinto tem em sua composição 95% poliester e 5% elastano, acinturado com cinto do mesmo tecido e com bolsos na frente. Possui gola tradicional, mangas bufantes e botões forrados.</p>
<p>Um modelo bem clássico e elegante.</p>
<p>OBS: O logo é retirável!</p>
<p><strong>O botão da roupa pode ser diferente do botão da foto, devido a disponibilidade.</strong></p>
<p><strong>OBS: Temos a opção de colocar punho nesse jaleco, e temos também a opção desse jaleco com manga curta. Caso queira uma das opções informar em notas do pedido, ou nos informar pelo whatsapp depois de realizar a compra.</strong></p>
<p><strong>IMPORTANTE: CASO ESCOLHA UMA DAS OPÇÕES NÃO ACEITAMOS TROCA E DEVOLUÇÃO!</strong></p>

<p>Jaleco Elastic com cinto tem em sua composição 95% poliester e 5% elastano, acinturado com cinto do mesmo tecido e com bolsos na frente. Possui gola tradicional, mangas bufantes e botões forrados. Um modelo bem clássico e elegante. OBS: O logo é retirável! O botão da roupa pode ser diferente do botão da foto, devido [&#8230;]
