{"id":22836,"date":"2022-06-20T14:00:19","date_gmt":"2022-06-20T17:00:19","guid":{"rendered":"https:\/\/draelegancia.com.br\/shop\/?post_type=product&#038;p=22836"},"modified":"2026-03-20T16:36:15","modified_gmt":"2026-03-20T19:36:15","slug":"jaleco-elastic-ziper-masculino","status":"publish","type":"product","link":"https:\/\/draelegancia.com.br\/shop\/produto\/jaleco-elastic-ziper-masculino\/","title":{"rendered":"Jaleco Elastic Ziper Masculino"},"content":{"rendered":"<p>Jaleco confeccionado em tecido 95% poliester e 5% elastano. Um jaleco moderno, f\u00e1cil de lavar e cuidar, que foi feito para durar por bastante tempo. Possui bolsos embutidos, fechamento em z\u00edper, e manga com punho. Esse jaleco \u00e9 perfeito para quem busca estilo e conforto ao mesmo tempo.<\/p>\n<p>OBS: O logo \u00e9 retir\u00e1vel!<\/p>\n<p><strong>OBS: Temos a op\u00e7\u00e3o de colocar punho nesse jaleco, e temos tamb\u00e9m a op\u00e7\u00e3o desse jaleco com manga curta. Caso queira uma das op\u00e7\u00f5es informar em notas do pedido, ou nos informar pelo whatsapp depois de realizar a compra.<\/strong><\/p>\n<p><strong>IMPORTANTE: CASO ESCOLHA UMA DAS OP\u00c7\u00d5ES N\u00c3O ACEITAMOS TROCA E DEVOLU\u00c7\u00c3O!<\/strong><\/p>\n","protected":false},"excerpt":{"rendered":"<p>Jaleco confeccionado em tecido 95% poliester e 5% elastano. Um jaleco moderno, f\u00e1cil de lavar e cuidar, que foi feito para durar por bastante tempo. Possui bolsos embutidos, fechamento em z\u00edper, e manga com punho. Esse jaleco \u00e9 perfeito para quem busca estilo e conforto ao mesmo tempo. OBS: O logo \u00e9 retir\u00e1vel! OBS: Temos [&#8230;]\n","protected":false},"featured_media":22838,"comment_status":"open","ping_status":"closed","template":"","meta":{"_joinchat":[]},"product_brand":[],"product_cat":[98,95],"product_tag":[],"class_list":{"0":"post-22836","1":"product","2":"type-product","3":"status-publish","4":"has-post-thumbnail","6":"product_cat-jalecos-masculino","7":"product_cat-masculino","8":"pa_cor-branco","9":"pa_tamanho-g","10":"pa_tamanho-gg","11":"pa_tamanho-m","12":"pa_tamanho-p","13":"pa_tamanho-pp","14":"pa_tamanho-xgg","16":"first","17":"instock","18":"taxable","19":"shipping-taxable","20":"purchasable","21":"product-type-variable","22":"has-default-attributes"},"aioseo_notices":[],"_links":{"self":[{"href":"https:\/\/draelegancia.com.br\/shop\/wp-json\/wp\/v2\/product\/22836","targetHints":{"allow":["GET"]}}],"collection":[{"href":"https:\/\/draelegancia.com.br\/shop\/wp-json\/wp\/v2\/product"}],"about":[{"href":"https:\/\/draelegancia.com.br\/shop\/wp-json\/wp\/v2\/types\/product"}],"replies":[{"embeddable":true,"href":"https:\/\/draelegancia.com.br\/shop\/wp-json\/wp\/v2\/comments?post=22836"}],"version-history":[{"count":1,"href":"https:\/\/draelegancia.com.br\/shop\/wp-json\/wp\/v2\/product\/22836\/revisions"}],"predecessor-version":[{"id":27288,"href":"https:\/\/draelegancia.com.br\/shop\/wp-json\/wp\/v2\/product\/22836\/revisions\/27288"}],"wp:featuredmedia":[{"embeddable":true,"href":"https:\/\/draelegancia.com.br\/shop\/wp-json\/wp\/v2\/media\/22838"}],"wp:attachment":[{"href":"https:\/\/draelegancia.com.br\/shop\/wp-json\/wp\/v2\/media?parent=22836"}],"wp:term":[{"taxonomy":"product_brand","embeddable":true,"href":"https:\/\/draelegancia.com.br\/shop\/wp-json\/wp\/v2\/product_brand?post=22836"},{"taxonomy":"product_cat","embeddable":true,"href":"https:\/\/draelegancia.com.br\/shop\/wp-json\/wp\/v2\/product_cat?post=22836"},{"taxonomy":"product_tag","embeddable":true,"href":"https:\/\/draelegancia.com.br\/shop\/wp-json\/wp\/v2\/product_tag?post=22836"}],"curies":[{"name":"wp","href":"https:\/\/api.w.org\/{rel}","templated":true}]}}

<p>Jaleco confeccionado em tecido 95% poliester e 5% elastano. Um jaleco moderno, fácil de lavar e cuidar, que foi feito para durar por bastante tempo. Possui bolsos embutidos, fechamento em zíper, e manga com punho. Esse jaleco é perfeito para quem busca estilo e conforto ao mesmo tempo.</p>
<p>OBS: O logo é retirável!</p>
<p><strong>OBS: Temos a opção de colocar punho nesse jaleco, e temos também a opção desse jaleco com manga curta. Caso queira uma das opções informar em notas do pedido, ou nos informar pelo whatsapp depois de realizar a compra.</strong></p>
<p><strong>IMPORTANTE: CASO ESCOLHA UMA DAS OPÇÕES NÃO ACEITAMOS TROCA E DEVOLUÇÃO!</strong></p>

<p>Jaleco confeccionado em tecido 95% poliester e 5% elastano. Um jaleco moderno, fácil de lavar e cuidar, que foi feito para durar por bastante tempo. Possui bolsos embutidos, fechamento em zíper, e manga com punho. Esse jaleco é perfeito para quem busca estilo e conforto ao mesmo tempo. OBS: O logo é retirável! OBS: Temos [&#8230;]
