{"id":22712,"date":"2022-05-09T15:25:07","date_gmt":"2022-05-09T18:25:07","guid":{"rendered":"https:\/\/draelegancia.com.br\/shop\/?post_type=product&#038;p=22712"},"modified":"2026-03-19T12:09:59","modified_gmt":"2026-03-19T15:09:59","slug":"jaleco-stretch-2","status":"publish","type":"product","link":"https:\/\/draelegancia.com.br\/shop\/produto\/jaleco-stretch-2\/","title":{"rendered":"Jaleco Stretch"},"content":{"rendered":"<p>Jaleco moderno, confeccionado em tecido 100% poli\u00e9ster, com fechamento em cinco bot\u00f5es frontais e possui bolsos embutidos.<\/p>\n<p>Jaleco de qualidade que foi eito para durar, e ao mesmo tempo sem perder o estilo e o conforto.<\/p>\n<p>OBS: O logo \u00e9 retir\u00e1vel!<\/p>\n<p><strong>OBS: Temos a op\u00e7\u00e3o de colocar punho nesse jaleco, e temos tamb\u00e9m a op\u00e7\u00e3o desse jaleco com manga curta. Caso queira uma das op\u00e7\u00f5es informar em notas do pedido, ou nos informar pelo whatsapp depois de realizar a compra.<\/strong><\/p>\n<p><strong>IMPORTANTE: CASO ESCOLHA UMA DAS OP\u00c7\u00d5ES N\u00c3O ACEITAMOS TROCA E DEVOLU\u00c7\u00c3O!<\/strong><\/p>\n","protected":false},"excerpt":{"rendered":"<div style=\"width: 720px;\" class=\"wp-video\"><video class=\"wp-video-shortcode\" id=\"video-22712-1\" width=\"720\" height=\"1280\" preload=\"metadata\" controls=\"controls\"><source type=\"video\/mp4\" src=\"https:\/\/draelegancia.com.br\/shop\/wp-content\/uploads\/2022\/05\/Jaleco_Stretch_Preto.mp4?_=1\" \/><a href=\"https:\/\/draelegancia.com.br\/shop\/wp-content\/uploads\/2022\/05\/Jaleco_Stretch_Preto.mp4\">https:\/\/draelegancia.com.br\/shop\/wp-content\/uploads\/2022\/05\/Jaleco_Stretch_Preto.mp4<\/a><\/video><\/div>\n","protected":false},"featured_media":22704,"comment_status":"open","ping_status":"closed","template":"","meta":{"_joinchat":[]},"product_brand":[],"product_cat":[86,89],"product_tag":[],"class_list":{"0":"post-22712","1":"product","2":"type-product","3":"status-publish","4":"has-post-thumbnail","6":"product_cat-feminino","7":"product_cat-jalecos","8":"pa_cor-preto","9":"pa_tamanho-g","10":"pa_tamanho-gg","11":"pa_tamanho-m","12":"pa_tamanho-p","13":"pa_tamanho-pp","14":"pa_tamanho-xgg","16":"first","17":"instock","18":"taxable","19":"shipping-taxable","20":"purchasable","21":"product-type-variable"},"aioseo_notices":[],"_links":{"self":[{"href":"https:\/\/draelegancia.com.br\/shop\/wp-json\/wp\/v2\/product\/22712","targetHints":{"allow":["GET"]}}],"collection":[{"href":"https:\/\/draelegancia.com.br\/shop\/wp-json\/wp\/v2\/product"}],"about":[{"href":"https:\/\/draelegancia.com.br\/shop\/wp-json\/wp\/v2\/types\/product"}],"replies":[{"embeddable":true,"href":"https:\/\/draelegancia.com.br\/shop\/wp-json\/wp\/v2\/comments?post=22712"}],"version-history":[{"count":2,"href":"https:\/\/draelegancia.com.br\/shop\/wp-json\/wp\/v2\/product\/22712\/revisions"}],"predecessor-version":[{"id":29619,"href":"https:\/\/draelegancia.com.br\/shop\/wp-json\/wp\/v2\/product\/22712\/revisions\/29619"}],"wp:featuredmedia":[{"embeddable":true,"href":"https:\/\/draelegancia.com.br\/shop\/wp-json\/wp\/v2\/media\/22704"}],"wp:attachment":[{"href":"https:\/\/draelegancia.com.br\/shop\/wp-json\/wp\/v2\/media?parent=22712"}],"wp:term":[{"taxonomy":"product_brand","embeddable":true,"href":"https:\/\/draelegancia.com.br\/shop\/wp-json\/wp\/v2\/product_brand?post=22712"},{"taxonomy":"product_cat","embeddable":true,"href":"https:\/\/draelegancia.com.br\/shop\/wp-json\/wp\/v2\/product_cat?post=22712"},{"taxonomy":"product_tag","embeddable":true,"href":"https:\/\/draelegancia.com.br\/shop\/wp-json\/wp\/v2\/product_tag?post=22712"}],"curies":[{"name":"wp","href":"https:\/\/api.w.org\/{rel}","templated":true}]}}

<p>Jaleco moderno, confeccionado em tecido 100% poliéster, com fechamento em cinco botões frontais e possui bolsos embutidos.</p>
<p>Jaleco de qualidade que foi eito para durar, e ao mesmo tempo sem perder o estilo e o conforto.</p>
<p>OBS: O logo é retirável!</p>
<p><strong>OBS: Temos a opção de colocar punho nesse jaleco, e temos também a opção desse jaleco com manga curta. Caso queira uma das opções informar em notas do pedido, ou nos informar pelo whatsapp depois de realizar a compra.</strong></p>
<p><strong>IMPORTANTE: CASO ESCOLHA UMA DAS OPÇÕES NÃO ACEITAMOS TROCA E DEVOLUÇÃO!</strong></p>
