{"id":22669,"date":"2022-04-19T13:46:18","date_gmt":"2022-04-19T16:46:18","guid":{"rendered":"https:\/\/draelegancia.com.br\/shop\/?post_type=product&#038;p=22669"},"modified":"2025-03-20T15:23:25","modified_gmt":"2025-03-20T18:23:25","slug":"jaleco-ziper-prime-elegante","status":"publish","type":"product","link":"https:\/\/draelegancia.com.br\/shop\/produto\/jaleco-ziper-prime-elegante\/","title":{"rendered":"Jaleco Z\u00edper Prime Elegante"},"content":{"rendered":"<p>O lan\u00e7amento jaleco z\u00edper prime elegante, confeccionado no tecido alfaiataria, tendo a composi\u00e7\u00e3o 95% poli\u00e9ster e 5% elastano, dando um toque de suavidade e sendo super confort\u00e1vel.<\/p>\n<p>O jaleco z\u00edper prime elegante tem uma gola padre, com um z\u00edper de metal que d\u00e1 toda a facilidade ao vestir. E possui um z\u00edper acima dos bolsos que deixam super elegante, tendo tamb\u00e9m punho nas mangas. Esse \u00e9 um modelo super elegante que a Dr. Eleg\u00e2ncia proporciona aos profissionais.<\/p>\n<p>OBS: O logo \u00e9 retir\u00e1vel!<\/p>\n<p><strong>OBS: Temos a op\u00e7\u00e3o desse jaleco com manga curta. Caso queira com manga curta informar em notas do pedido, ou nos informar pelo whatsapp depois de realizar a compra.<\/strong><\/p>\n<p><strong>IMPORTANTE: CASO ESCOLHA A OP\u00c7\u00c3O COM MANGA CURTA N\u00c3O ACEITAMOS TROCA E DEVOLU\u00c7\u00c3O!<\/strong><\/p>\n","protected":false},"excerpt":{"rendered":"<p>O lan\u00e7amento jaleco z\u00edper prime elegante, confeccionado no tecido alfaiataria, tendo a composi\u00e7\u00e3o 95% poli\u00e9ster e 5% elastano, dando um toque de suavidade e sendo super confort\u00e1vel. O jaleco z\u00edper prime elegante tem uma gola padre, com um z\u00edper de metal que d\u00e1 toda a facilidade ao vestir. E possui um z\u00edper acima dos bolsos [&#8230;]\n","protected":false},"featured_media":22656,"comment_status":"open","ping_status":"closed","template":"","meta":{"_joinchat":[]},"product_brand":[],"product_cat":[86,89],"product_tag":[],"class_list":{"0":"post-22669","1":"product","2":"type-product","3":"status-publish","4":"has-post-thumbnail","6":"product_cat-feminino","7":"product_cat-jalecos","8":"pa_cor-pink","9":"pa_tamanho-g","10":"pa_tamanho-gg","11":"pa_tamanho-m","12":"pa_tamanho-p","13":"pa_tamanho-pp","14":"pa_tamanho-xgg","16":"first","17":"outofstock","18":"taxable","19":"shipping-taxable","20":"product-type-variable"},"aioseo_notices":[],"_links":{"self":[{"href":"https:\/\/draelegancia.com.br\/shop\/wp-json\/wp\/v2\/product\/22669","targetHints":{"allow":["GET"]}}],"collection":[{"href":"https:\/\/draelegancia.com.br\/shop\/wp-json\/wp\/v2\/product"}],"about":[{"href":"https:\/\/draelegancia.com.br\/shop\/wp-json\/wp\/v2\/types\/product"}],"replies":[{"embeddable":true,"href":"https:\/\/draelegancia.com.br\/shop\/wp-json\/wp\/v2\/comments?post=22669"}],"version-history":[{"count":1,"href":"https:\/\/draelegancia.com.br\/shop\/wp-json\/wp\/v2\/product\/22669\/revisions"}],"predecessor-version":[{"id":26897,"href":"https:\/\/draelegancia.com.br\/shop\/wp-json\/wp\/v2\/product\/22669\/revisions\/26897"}],"wp:featuredmedia":[{"embeddable":true,"href":"https:\/\/draelegancia.com.br\/shop\/wp-json\/wp\/v2\/media\/22656"}],"wp:attachment":[{"href":"https:\/\/draelegancia.com.br\/shop\/wp-json\/wp\/v2\/media?parent=22669"}],"wp:term":[{"taxonomy":"product_brand","embeddable":true,"href":"https:\/\/draelegancia.com.br\/shop\/wp-json\/wp\/v2\/product_brand?post=22669"},{"taxonomy":"product_cat","embeddable":true,"href":"https:\/\/draelegancia.com.br\/shop\/wp-json\/wp\/v2\/product_cat?post=22669"},{"taxonomy":"product_tag","embeddable":true,"href":"https:\/\/draelegancia.com.br\/shop\/wp-json\/wp\/v2\/product_tag?post=22669"}],"curies":[{"name":"wp","href":"https:\/\/api.w.org\/{rel}","templated":true}]}}

Jaleco Zíper Prime Elegante

<p>O lançamento jaleco zíper prime elegante, confeccionado no tecido alfaiataria, tendo a composição 95% poliéster e 5% elastano, dando um toque de suavidade e sendo super confortável.</p>
<p>O jaleco zíper prime elegante tem uma gola padre, com um zíper de metal que dá toda a facilidade ao vestir. E possui um zíper acima dos bolsos que deixam super elegante, tendo também punho nas mangas. Esse é um modelo super elegante que a Dr. Elegância proporciona aos profissionais.</p>
<p>OBS: O logo é retirável!</p>
<p><strong>OBS: Temos a opção desse jaleco com manga curta. Caso queira com manga curta informar em notas do pedido, ou nos informar pelo whatsapp depois de realizar a compra.</strong></p>
<p><strong>IMPORTANTE: CASO ESCOLHA A OPÇÃO COM MANGA CURTA NÃO ACEITAMOS TROCA E DEVOLUÇÃO!</strong></p>

<p>O lançamento jaleco zíper prime elegante, confeccionado no tecido alfaiataria, tendo a composição 95% poliéster e 5% elastano, dando um toque de suavidade e sendo super confortável. O jaleco zíper prime elegante tem uma gola padre, com um zíper de metal que dá toda a facilidade ao vestir. E possui um zíper acima dos bolsos [&#8230;]
