{"id":22600,"date":"2022-04-12T14:10:21","date_gmt":"2022-04-12T17:10:21","guid":{"rendered":"https:\/\/draelegancia.com.br\/shop\/?post_type=product&#038;p=22600"},"modified":"2026-01-30T15:51:42","modified_gmt":"2026-01-30T18:51:42","slug":"scrub-crep-new-luanda-2","status":"publish","type":"product","link":"https:\/\/draelegancia.com.br\/shop\/produto\/scrub-crep-new-luanda-2\/","title":{"rendered":"Scrub Crep New Luanda Cor Preto"},"content":{"rendered":"<p><strong>O novo modelo scrub crep new luanda, feito em alfaiataria com a composi\u00e7\u00e3o 95% poli\u00e9ster e 5% elastano, super leve e confort\u00e1vel, toque macio e com acabamento e caimento perfeito.<br \/>\nA blusa do nosso modelo scrub crep new luanda, possui 3 bot\u00f5es na gola redonda, facilitando a vestimenta, com dois bolsos quadrados na frente.<br \/>\nJ\u00e1 a cal\u00e7a com corte reto, el\u00e1stico na cintura com cord\u00e3o facilitando o ajuste na cintura com bolsos nas laterais, e a barra da cal\u00e7a mais ajustada com duas pregas que d\u00e1 todo o charme.<\/strong><\/p>\n","protected":false},"excerpt":{"rendered":"<p>O novo modelo scrub crep new luanda, feito em alfaiataria com a composi\u00e7\u00e3o 95% poli\u00e9ster e 5% elastano, super leve e confort\u00e1vel, toque macio e com acabamento e caimento perfeito. A blusa do nosso modelo scrub crep new luanda, possui 3 bot\u00f5es na gola redonda, facilitando a vestimenta, com dois bolsos quadrados na frente. J\u00e1 [&#8230;]\n","protected":false},"featured_media":22635,"comment_status":"open","ping_status":"closed","template":"","meta":{"_joinchat":[]},"product_brand":[],"product_cat":[92,86,91],"product_tag":[],"class_list":{"0":"post-22600","1":"product","2":"type-product","3":"status-publish","4":"has-post-thumbnail","6":"product_cat-conjuntos","7":"product_cat-feminino","8":"product_cat-scrubs","9":"pa_cor-preto","10":"pa_tamanho-g","11":"pa_tamanho-gg","12":"pa_tamanho-m","13":"pa_tamanho-p","14":"pa_tamanho-pp","15":"pa_tamanho-xgg","17":"first","18":"instock","19":"taxable","20":"shipping-taxable","21":"purchasable","22":"product-type-variable"},"aioseo_notices":[],"_links":{"self":[{"href":"https:\/\/draelegancia.com.br\/shop\/wp-json\/wp\/v2\/product\/22600","targetHints":{"allow":["GET"]}}],"collection":[{"href":"https:\/\/draelegancia.com.br\/shop\/wp-json\/wp\/v2\/product"}],"about":[{"href":"https:\/\/draelegancia.com.br\/shop\/wp-json\/wp\/v2\/types\/product"}],"replies":[{"embeddable":true,"href":"https:\/\/draelegancia.com.br\/shop\/wp-json\/wp\/v2\/comments?post=22600"}],"version-history":[{"count":2,"href":"https:\/\/draelegancia.com.br\/shop\/wp-json\/wp\/v2\/product\/22600\/revisions"}],"predecessor-version":[{"id":28262,"href":"https:\/\/draelegancia.com.br\/shop\/wp-json\/wp\/v2\/product\/22600\/revisions\/28262"}],"wp:featuredmedia":[{"embeddable":true,"href":"https:\/\/draelegancia.com.br\/shop\/wp-json\/wp\/v2\/media\/22635"}],"wp:attachment":[{"href":"https:\/\/draelegancia.com.br\/shop\/wp-json\/wp\/v2\/media?parent=22600"}],"wp:term":[{"taxonomy":"product_brand","embeddable":true,"href":"https:\/\/draelegancia.com.br\/shop\/wp-json\/wp\/v2\/product_brand?post=22600"},{"taxonomy":"product_cat","embeddable":true,"href":"https:\/\/draelegancia.com.br\/shop\/wp-json\/wp\/v2\/product_cat?post=22600"},{"taxonomy":"product_tag","embeddable":true,"href":"https:\/\/draelegancia.com.br\/shop\/wp-json\/wp\/v2\/product_tag?post=22600"}],"curies":[{"name":"wp","href":"https:\/\/api.w.org\/{rel}","templated":true}]}}