{"id":19851,"date":"2020-10-10T13:32:39","date_gmt":"2020-10-10T16:32:39","guid":{"rendered":"https:\/\/draelegancia.com.br\/shop\/?post_type=product&#038;p=19851"},"modified":"2025-03-21T12:06:27","modified_gmt":"2025-03-21T15:06:27","slug":"scrub-feminino-turin-2","status":"publish","type":"product","link":"https:\/\/draelegancia.com.br\/shop\/produto\/scrub-feminino-turin-2\/","title":{"rendered":"Scrub Feminino Turin"},"content":{"rendered":"<p>Scrub confeccionado no tecido alfaiataria turin span, um tecido bem\u00a0 resistente de longa durabilidade, de facil lavagem e secagem que garante um toque macio e muito conforto. Feito no tecido com elastano. \u00c9 um modelo sofisticado e muito elegante, um scrub bem moderno com modelagem acinturado deixando voc\u00ea mais linda.<\/p>\n<p>Composi\u00e7\u00e3o: 92% poliester, 8% elastano.<\/p>\n<p>&nbsp;<\/p>\n","protected":false},"excerpt":{"rendered":"<p>Scrub confeccionado no tecido alfaiataria turin span, um tecido bem\u00a0 resistente de longa durabilidade, de facil lavagem e secagem que garante um toque macio e muito conforto. Feito no tecido com elastano. \u00c9 um modelo sofisticado e muito elegante, um scrub bem moderno com modelagem acinturado deixando voc\u00ea mais linda. Composi\u00e7\u00e3o: 92% poliester, 8% elastano. [&#8230;]\n","protected":false},"featured_media":19852,"comment_status":"closed","ping_status":"closed","template":"","meta":{"_joinchat":[]},"product_brand":[],"product_cat":[92,86,91],"product_tag":[],"class_list":{"0":"post-19851","1":"product","2":"type-product","3":"status-publish","4":"has-post-thumbnail","6":"product_cat-conjuntos","7":"product_cat-feminino","8":"product_cat-scrubs","9":"pa_cor-preto","10":"pa_tamanho-g","11":"pa_tamanho-gg","12":"pa_tamanho-m","13":"pa_tamanho-p","14":"pa_tamanho-pp","15":"pa_tamanho-xgg","17":"first","18":"outofstock","19":"taxable","20":"shipping-taxable","21":"product-type-variable"},"aioseo_notices":[],"_links":{"self":[{"href":"https:\/\/draelegancia.com.br\/shop\/wp-json\/wp\/v2\/product\/19851","targetHints":{"allow":["GET"]}}],"collection":[{"href":"https:\/\/draelegancia.com.br\/shop\/wp-json\/wp\/v2\/product"}],"about":[{"href":"https:\/\/draelegancia.com.br\/shop\/wp-json\/wp\/v2\/types\/product"}],"replies":[{"embeddable":true,"href":"https:\/\/draelegancia.com.br\/shop\/wp-json\/wp\/v2\/comments?post=19851"}],"version-history":[{"count":3,"href":"https:\/\/draelegancia.com.br\/shop\/wp-json\/wp\/v2\/product\/19851\/revisions"}],"predecessor-version":[{"id":26940,"href":"https:\/\/draelegancia.com.br\/shop\/wp-json\/wp\/v2\/product\/19851\/revisions\/26940"}],"wp:featuredmedia":[{"embeddable":true,"href":"https:\/\/draelegancia.com.br\/shop\/wp-json\/wp\/v2\/media\/19852"}],"wp:attachment":[{"href":"https:\/\/draelegancia.com.br\/shop\/wp-json\/wp\/v2\/media?parent=19851"}],"wp:term":[{"taxonomy":"product_brand","embeddable":true,"href":"https:\/\/draelegancia.com.br\/shop\/wp-json\/wp\/v2\/product_brand?post=19851"},{"taxonomy":"product_cat","embeddable":true,"href":"https:\/\/draelegancia.com.br\/shop\/wp-json\/wp\/v2\/product_cat?post=19851"},{"taxonomy":"product_tag","embeddable":true,"href":"https:\/\/draelegancia.com.br\/shop\/wp-json\/wp\/v2\/product_tag?post=19851"}],"curies":[{"name":"wp","href":"https:\/\/api.w.org\/{rel}","templated":true}]}}